Last updated on 2025-05-06 03:51:17 CEST.
Flavor | Version | Tinstall | Tcheck | Ttotal | Status | Flags |
---|---|---|---|---|---|---|
r-devel-linux-x86_64-debian-clang | 4.3.3 | 18.51 | 272.81 | 291.32 | OK | |
r-devel-linux-x86_64-debian-gcc | 4.3.3 | 11.66 | 134.08 | 145.74 | OK | |
r-devel-linux-x86_64-fedora-clang | 4.3.3 | 446.89 | OK | |||
r-devel-linux-x86_64-fedora-gcc | 4.3.3 | 380.91 | OK | |||
r-devel-windows-x86_64 | 4.3.3 | 21.00 | 196.00 | 217.00 | OK | |
r-patched-linux-x86_64 | 4.3.3 | 17.45 | 193.27 | 210.72 | OK | |
r-release-linux-x86_64 | 4.3.3 | 18.61 | 185.96 | 204.57 | OK | |
r-release-macos-arm64 | 4.3.3 | 103.00 | WARN | |||
r-release-macos-x86_64 | 4.3.3 | 169.00 | WARN | |||
r-release-windows-x86_64 | 4.3.3 | 22.00 | 224.00 | 246.00 | OK | |
r-oldrel-macos-arm64 | 4.3.3 | 103.00 | WARN | |||
r-oldrel-macos-x86_64 | 4.3.3 | 283.00 | WARN | |||
r-oldrel-windows-x86_64 | 4.3.3 | 27.00 | 300.00 | 327.00 | NOTE |
Version: 4.3.3
Check: for missing documentation entries
Result: WARN
Undocumented S4 methods:
generic '[' and siglist 'SpectraInTime,ANY,missing,ANY'
generic '[' and siglist 'SpectraInTime,missing,ANY,ANY'
generic '[' and siglist 'SpectraInTime,missing,missing,ANY'
generic '[' and siglist 'SpectraInTimeComp,ANY,ANY,ANY'
generic '[' and siglist 'SpectraInTimeComp,ANY,missing,ANY'
generic '[' and siglist 'SpectraInTimeComp,missing,ANY,ANY'
All user-level objects in a package (including S4 classes and methods)
should have documentation entries.
See chapter ‘Writing R documentation files’ in the ‘Writing R
Extensions’ manual.
Flavors: r-release-macos-arm64, r-release-macos-x86_64, r-oldrel-macos-arm64, r-oldrel-macos-x86_64
Version: 4.3.3
Check: installed package size
Result: NOTE
installed size is 6.1Mb
sub-directories of 1Mb or more:
doc 4.6Mb
Flavors: r-oldrel-macos-arm64, r-oldrel-macos-x86_64, r-oldrel-windows-x86_64