Last updated on 2025-05-07 03:51:15 CEST.
Flavor | Version | Tinstall | Tcheck | Ttotal | Status | Flags |
---|---|---|---|---|---|---|
r-devel-linux-x86_64-debian-clang | 0.9.0 | 23.54 | 67.02 | 90.56 | NOTE | |
r-devel-linux-x86_64-debian-gcc | 0.9.0 | 15.46 | 50.05 | 65.51 | NOTE | |
r-devel-linux-x86_64-fedora-clang | 0.9.0 | 153.64 | NOTE | |||
r-devel-linux-x86_64-fedora-gcc | 0.9.0 | 157.49 | NOTE | |||
r-devel-windows-x86_64 | 0.9.0 | 27.00 | 92.00 | 119.00 | NOTE | |
r-patched-linux-x86_64 | 0.9.0 | 21.37 | 64.21 | 85.58 | NOTE | |
r-release-linux-x86_64 | 0.9.0 | 20.86 | 64.76 | 85.62 | NOTE | |
r-release-macos-arm64 | 0.9.0 | 62.00 | NOTE | |||
r-release-macos-x86_64 | 0.9.0 | 103.00 | NOTE | |||
r-release-windows-x86_64 | 0.9.0 | 26.00 | 93.00 | 119.00 | NOTE | |
r-oldrel-macos-arm64 | 0.9.0 | 49.00 | NOTE | |||
r-oldrel-macos-x86_64 | 0.9.0 | 73.00 | NOTE | |||
r-oldrel-windows-x86_64 | 0.9.0 | 33.00 | 120.00 | 153.00 | NOTE |
Version: 0.9.0
Check: CRAN incoming feasibility
Result: NOTE
Maintainer: ‘Guo Yu <gy63@uw.edu>’
The Description field contains
<arXiv:1907.08414>.
Please refer to arXiv e-prints via their arXiv DOI <doi:10.48550/arXiv.YYMM.NNNNN>.
Flavors: r-devel-linux-x86_64-debian-clang, r-devel-linux-x86_64-debian-gcc
Version: 0.9.0
Check: C++ specification
Result: NOTE
Specified C++11: please drop specification unless essential
Flavors: r-devel-linux-x86_64-debian-clang, r-devel-linux-x86_64-debian-gcc, r-devel-linux-x86_64-fedora-clang, r-devel-linux-x86_64-fedora-gcc, r-devel-windows-x86_64, r-patched-linux-x86_64, r-release-linux-x86_64, r-release-macos-arm64, r-release-macos-x86_64, r-release-windows-x86_64, r-oldrel-macos-arm64, r-oldrel-macos-x86_64, r-oldrel-windows-x86_64