CRAN Package Check Results for Package ssanv

Last updated on 2025-05-04 03:51:07 CEST.

Flavor Version Tinstall Tcheck Ttotal Status Flags
r-devel-linux-x86_64-debian-clang 1.1 1.77 23.06 24.83 NOTE
r-devel-linux-x86_64-debian-gcc 1.1 1.74 18.75 20.49 NOTE
r-devel-linux-x86_64-fedora-clang 1.1 42.41 OK
r-devel-linux-x86_64-fedora-gcc 1.1 37.91 OK
r-devel-windows-x86_64 1.1 3.00 51.00 54.00 OK
r-patched-linux-x86_64 1.1 2.11 22.57 24.68 OK
r-release-linux-x86_64 OK
r-release-macos-arm64 1.1 18.00 OK
r-release-macos-x86_64 1.1 28.00 OK
r-release-windows-x86_64 1.1 3.00 56.00 59.00 OK
r-oldrel-macos-arm64 1.1 21.00 OK
r-oldrel-macos-x86_64 1.1 30.00 OK
r-oldrel-windows-x86_64 1.1 3.00 49.00 52.00 OK

Check Details

Version: 1.1
Check: CRAN incoming feasibility
Result: NOTE Maintainer: ‘Michael P. Fay <mfay@niaid.nih.gov>’ No Authors@R field in DESCRIPTION. Please add one, modifying Authors@R: person(given = c("Michael", "P."), family = "Fay", role = c("aut", "cre"), email = "mfay@niaid.nih.gov") as necessary. Package CITATION file contains call(s) to old-style personList() or as.personList(). Please use c() on person objects instead. Package CITATION file contains call(s) to old-style citEntry(). Please use bibentry() instead. Flavors: r-devel-linux-x86_64-debian-clang, r-devel-linux-x86_64-debian-gcc