Last updated on 2025-10-31 02:50:44 CET.
| Flavor | Version | Tinstall | Tcheck | Ttotal | Status | Flags | 
|---|---|---|---|---|---|---|
| r-devel-linux-x86_64-debian-clang | 1.2.7 | 2.39 | 28.56 | 30.95 | NOTE | |
| r-devel-linux-x86_64-debian-gcc | 1.2.7 | 1.84 | 22.69 | 24.53 | NOTE | |
| r-devel-linux-x86_64-fedora-clang | 1.2.7 | 44.84 | OK | |||
| r-devel-linux-x86_64-fedora-gcc | 1.2.7 | 45.87 | OK | |||
| r-devel-windows-x86_64 | 1.2.7 | 3.00 | 48.00 | 51.00 | OK | |
| r-patched-linux-x86_64 | 1.2.7 | 2.55 | 26.87 | 29.42 | OK | |
| r-release-linux-x86_64 | 1.2.7 | 2.31 | 26.81 | 29.12 | OK | |
| r-release-macos-arm64 | 1.2.7 | 2.00 | 31.00 | 33.00 | OK | |
| r-release-macos-x86_64 | 1.2.7 | 2.00 | 33.00 | 35.00 | OK | |
| r-release-windows-x86_64 | 1.2.7 | 3.00 | 51.00 | 54.00 | OK | |
| r-oldrel-macos-arm64 | 1.2.7 | 1.00 | 18.00 | 19.00 | OK | |
| r-oldrel-macos-x86_64 | 1.2.7 | 2.00 | 28.00 | 30.00 | OK | |
| r-oldrel-windows-x86_64 | 1.2.7 | 4.00 | 58.00 | 62.00 | OK | 
Version: 1.2.7
Check: CRAN incoming feasibility
Result: NOTE
  Maintainer: ‘Korbinian Strimmer <strimmerlab@gmail.com>’
  
  No Authors@R field in DESCRIPTION.
  Please add one, modifying
    Authors@R: c(person(given = "Rainer",
                        family = "Opgen-Rhein",
                        role = "aut"),
                 person(given = "Verena",
                        family = "Zuber",
                        role = "aut"),
                 person(given = "Korbinian",
                        family = "Strimmer.",
                        role = "aut"),
                 person(given = "Korbinian",
                        family = "Strimmer",
                        role = "cre",
                        email = "strimmerlab@gmail.com"))
  as necessary.
Flavors: r-devel-linux-x86_64-debian-clang, r-devel-linux-x86_64-debian-gcc