CRAN Package Check Results for Package statcanR

Last updated on 2025-05-06 03:51:17 CEST.

Flavor Version Tinstall Tcheck Ttotal Status Flags
r-devel-linux-x86_64-debian-clang 0.2.6 6.96 66.33 73.29 NOTE
r-devel-linux-x86_64-debian-gcc 0.2.6 4.99 47.43 52.42 NOTE
r-devel-linux-x86_64-fedora-clang 0.2.6 121.73 NOTE
r-devel-linux-x86_64-fedora-gcc 0.2.6 119.84 NOTE
r-devel-windows-x86_64 0.2.6 8.00 81.00 89.00 NOTE
r-patched-linux-x86_64 0.2.6 7.01 59.54 66.55 NOTE
r-release-linux-x86_64 0.2.6 6.48 59.32 65.80 NOTE
r-release-macos-arm64 0.2.6 56.00 NOTE
r-release-macos-x86_64 0.2.6 71.00 NOTE
r-release-windows-x86_64 0.2.6 9.00 78.00 87.00 NOTE
r-oldrel-macos-arm64 0.2.6 58.00 NOTE
r-oldrel-macos-x86_64 0.2.6 87.00 NOTE
r-oldrel-windows-x86_64 0.2.6 11.00 97.00 108.00 NOTE

Check Details

Version: 0.2.6
Check: Rd files
Result: NOTE checkRd: (-1) statcan_data.Rd:22: Lost braces; missing escapes or markup? 22 | \code{statcan_data()} function has 2 arguments to fulfill to get data: {tableNumber} & {lang}. | ^ checkRd: (-1) statcan_data.Rd:22: Lost braces; missing escapes or markup? 22 | \code{statcan_data()} function has 2 arguments to fulfill to get data: {tableNumber} & {lang}. | ^ checkRd: (-1) statcan_search.Rd:18: Lost braces; missing escapes or markup? 18 | The \code{statcan_search()} function has 2 arguments to fulfill to find a database: {keywords} and {lang}. | ^ checkRd: (-1) statcan_search.Rd:18: Lost braces; missing escapes or markup? 18 | The \code{statcan_search()} function has 2 arguments to fulfill to find a database: {keywords} and {lang}. | ^ Flavors: r-devel-linux-x86_64-debian-clang, r-devel-linux-x86_64-debian-gcc, r-devel-linux-x86_64-fedora-clang, r-devel-linux-x86_64-fedora-gcc, r-devel-windows-x86_64, r-patched-linux-x86_64, r-release-linux-x86_64, r-release-macos-arm64, r-release-macos-x86_64, r-release-windows-x86_64, r-oldrel-macos-arm64, r-oldrel-macos-x86_64, r-oldrel-windows-x86_64