Last updated on 2025-05-06 03:51:17 CEST.
Flavor | Version | Tinstall | Tcheck | Ttotal | Status | Flags |
---|---|---|---|---|---|---|
r-devel-linux-x86_64-debian-clang | 2019.6 | 7.25 | 466.62 | 473.87 | NOTE | |
r-devel-linux-x86_64-debian-gcc | 2019.6 | 5.18 | 264.89 | 270.07 | NOTE | |
r-devel-linux-x86_64-fedora-clang | 2019.6 | 728.65 | OK | |||
r-devel-linux-x86_64-fedora-gcc | 2019.6 | 733.60 | OK | |||
r-devel-windows-x86_64 | 2019.6 | 128.00 | 511.00 | 639.00 | OK | |
r-patched-linux-x86_64 | 2019.6 | 7.21 | 422.29 | 429.50 | OK | |
r-release-linux-x86_64 | 2019.6 | 6.00 | 431.21 | 437.21 | OK | |
r-release-macos-arm64 | 2019.6 | 82.00 | NOTE | |||
r-release-macos-x86_64 | 2019.6 | 189.00 | NOTE | |||
r-release-windows-x86_64 | 2019.6 | 117.00 | 544.00 | 661.00 | NOTE | |
r-oldrel-macos-arm64 | 2019.6 | 85.00 | NOTE | |||
r-oldrel-macos-x86_64 | 2019.6 | 177.00 | NOTE | |||
r-oldrel-windows-x86_64 | 2019.6 | 104.00 | 272.00 | 376.00 | NOTE |
Version: 2019.6
Check: CRAN incoming feasibility
Result: NOTE
Maintainer: ‘Martina Morris <morrism@uw.edu>’
Package CITATION file contains call(s) to old-style personList() or
as.personList(). Please use c() on person objects instead.
Flavors: r-devel-linux-x86_64-debian-clang, r-devel-linux-x86_64-debian-gcc
Version: 2019.6
Check: whether startup messages can be suppressed
Result: NOTE
unable to reach CRAN
It looks like this package (or a package it requires) has a startup
message which cannot be suppressed: see ?packageStartupMessage.
Flavors: r-release-macos-arm64, r-release-macos-x86_64, r-oldrel-macos-arm64, r-oldrel-macos-x86_64, r-oldrel-windows-x86_64
Version: 2019.6
Check: whether startup messages can be suppressed
Result: NOTE
There are updates for the following statnet packages on CRAN:
Installed ReposVer Built
tsna "0.3.5" "0.3.6" "4.5.0"
Restart R and use "statnet::update_statnet()" to get the updates.
It looks like this package (or a package it requires) has a startup
message which cannot be suppressed: see ?packageStartupMessage.
Flavor: r-release-windows-x86_64
Version: 2019.6
Check: package dependencies
Result: NOTE
Package suggested but not available for checking: ‘networksis’
Flavors: r-oldrel-macos-arm64, r-oldrel-macos-x86_64, r-oldrel-windows-x86_64