CRAN Package Check Results for Package stocc

Last updated on 2025-05-06 03:51:17 CEST.

Flavor Version Tinstall Tcheck Ttotal Status Flags
r-devel-linux-x86_64-debian-clang 1.31 8.51 73.55 82.06 NOTE
r-devel-linux-x86_64-debian-gcc 1.31 5.70 54.84 60.54 NOTE
r-devel-linux-x86_64-fedora-clang 1.31 130.73 OK
r-devel-linux-x86_64-fedora-gcc 1.31 121.57 OK
r-devel-windows-x86_64 1.31 10.00 81.00 91.00 OK
r-patched-linux-x86_64 1.31 8.52 70.29 78.81 OK
r-release-linux-x86_64 1.31 8.80 70.10 78.90 OK
r-release-macos-arm64 1.31 42.00 OK
r-release-macos-x86_64 1.31 76.00 OK
r-release-windows-x86_64 1.31 10.00 81.00 91.00 OK
r-oldrel-macos-arm64 1.31 38.00 OK
r-oldrel-macos-x86_64 1.31 57.00 OK
r-oldrel-windows-x86_64 1.31 12.00 97.00 109.00 OK

Check Details

Version: 1.31
Check: CRAN incoming feasibility
Result: NOTE Maintainer: ‘Devin S. Johnson <devin.johnson@noaa.gov>’ No Authors@R field in DESCRIPTION. Please add one, modifying Authors@R: person(given = c("Devin", "S."), family = "Johnson", role = c("aut", "cre"), email = "devin.johnson@noaa.gov") as necessary. Flavors: r-devel-linux-x86_64-debian-clang, r-devel-linux-x86_64-debian-gcc