Last updated on 2025-05-04 03:51:08 CEST.
Flavor | Version | Tinstall | Tcheck | Ttotal | Status | Flags |
---|---|---|---|---|---|---|
r-devel-linux-x86_64-debian-clang | 0.1.2 | 1.05 | 19.12 | 20.17 | NOTE | |
r-devel-linux-x86_64-debian-gcc | 0.1.2 | 1.22 | 15.69 | 16.91 | NOTE | |
r-devel-linux-x86_64-fedora-clang | 0.1.2 | 31.00 | OK | |||
r-devel-linux-x86_64-fedora-gcc | 0.1.2 | 29.82 | OK | |||
r-devel-windows-x86_64 | 0.1.2 | 3.00 | 51.00 | 54.00 | OK | |
r-patched-linux-x86_64 | 0.1.2 | 1.65 | 17.26 | 18.91 | OK | |
r-release-linux-x86_64 | OK | |||||
r-release-macos-arm64 | 0.1.2 | 22.00 | OK | |||
r-release-macos-x86_64 | 0.1.2 | 25.00 | OK | |||
r-release-windows-x86_64 | 0.1.2 | 3.00 | 45.00 | 48.00 | OK | |
r-oldrel-macos-arm64 | 0.1.2 | 16.00 | NOTE | |||
r-oldrel-macos-x86_64 | 0.1.2 | 23.00 | NOTE | |||
r-oldrel-windows-x86_64 | 0.1.2 | 3.00 | 47.00 | 50.00 | NOTE |
Version: 0.1.2
Check: CRAN incoming feasibility
Result: NOTE
Maintainer: ‘Alexander Hoyle <alexander@alexanderhoyle.com>’
No Authors@R field in DESCRIPTION.
Please add one, modifying
Authors@R: person(given = "Alexander",
family = "Hoyle",
role = c("aut", "cre"),
email = "alexander@alexanderhoyle.com")
as necessary.
Flavors: r-devel-linux-x86_64-debian-clang, r-devel-linux-x86_64-debian-gcc
Version: 0.1.2
Check: LazyData
Result: NOTE
'LazyData' is specified without a 'data' directory
Flavors: r-oldrel-macos-arm64, r-oldrel-macos-x86_64, r-oldrel-windows-x86_64