Last updated on 2025-07-03 03:49:54 CEST.
Flavor | Version | Tinstall | Tcheck | Ttotal | Status | Flags |
---|---|---|---|---|---|---|
r-devel-linux-x86_64-debian-clang | 1.10.3 | 9.09 | 227.63 | 236.72 | NOTE | |
r-devel-linux-x86_64-debian-gcc | 1.10.3 | 5.90 | 159.24 | 165.14 | NOTE | |
r-devel-linux-x86_64-fedora-clang | 1.10.3 | 345.38 | OK | |||
r-devel-linux-x86_64-fedora-gcc | 1.10.3 | 345.63 | OK | |||
r-devel-windows-x86_64 | 1.10.3 | 13.00 | 212.00 | 225.00 | OK | |
r-patched-linux-x86_64 | 1.10.3 | 12.31 | 210.16 | 222.47 | OK | |
r-release-linux-x86_64 | 1.10.3 | 8.53 | 209.17 | 217.70 | OK | |
r-release-macos-arm64 | 1.10.3 | 162.00 | OK | |||
r-release-macos-x86_64 | 1.10.3 | 244.00 | OK | |||
r-release-windows-x86_64 | 1.10.3 | 14.00 | 213.00 | 227.00 | OK | |
r-oldrel-macos-arm64 | 1.10.3 | 100.00 | OK | |||
r-oldrel-macos-x86_64 | 1.10.3 | 159.00 | OK | |||
r-oldrel-windows-x86_64 | 1.10.3 | 16.00 | 265.00 | 281.00 | OK |
Version: 1.10.3
Check: DESCRIPTION meta-information
Result: NOTE
Author field differs from that derived from Authors@R
Author: ‘Kirill Müller [aut] (<https://orcid.org/0000-0002-1416-3412>), Lorenz Walthert [cre, aut], Indrajeet Patil [ctb] (<https://orcid.org/0000-0003-1995-6531>, @patilindrajeets)’
Authors@R: ‘Kirill Müller [aut] (ORCID: <https://orcid.org/0000-0002-1416-3412>), Lorenz Walthert [cre, aut], Indrajeet Patil [ctb] (ORCID: <https://orcid.org/0000-0003-1995-6531>, Twitter: @patilindrajeets)’
Flavors: r-devel-linux-x86_64-debian-clang, r-devel-linux-x86_64-debian-gcc