Last updated on 2025-10-31 02:50:45 CET.
| Flavor | Version | Tinstall | Tcheck | Ttotal | Status | Flags | 
|---|---|---|---|---|---|---|
| r-devel-linux-x86_64-debian-clang | 1.2.5 | 12.82 | 73.82 | 86.64 | NOTE | |
| r-devel-linux-x86_64-debian-gcc | 1.2.5 | 8.27 | 56.52 | 64.79 | NOTE | |
| r-devel-linux-x86_64-fedora-clang | 1.2.5 | 22.00 | 108.68 | 130.68 | OK | |
| r-devel-linux-x86_64-fedora-gcc | 1.2.5 | 27.00 | 94.89 | 121.89 | OK | |
| r-devel-windows-x86_64 | 1.2.5 | 15.00 | 81.00 | 96.00 | OK | |
| r-patched-linux-x86_64 | 1.2.5 | 11.28 | 71.83 | 83.11 | OK | |
| r-release-linux-x86_64 | 1.2.5 | 11.35 | 72.05 | 83.40 | OK | |
| r-release-macos-arm64 | 1.2.5 | 6.00 | 37.00 | 43.00 | OK | |
| r-release-macos-x86_64 | 1.2.5 | 12.00 | 61.00 | 73.00 | OK | |
| r-release-windows-x86_64 | 1.2.5 | 17.00 | 85.00 | 102.00 | OK | |
| r-oldrel-macos-arm64 | 1.2.5 | 6.00 | 33.00 | 39.00 | OK | |
| r-oldrel-macos-x86_64 | 1.2.5 | 8.00 | 53.00 | 61.00 | OK | |
| r-oldrel-windows-x86_64 | 1.2.5 | 20.00 | 104.00 | 124.00 | OK | 
Version: 1.2.5
Check: CRAN incoming feasibility
Result: NOTE
  Maintainer: ‘Nadezhda M. Belonogova <belon@bionet.nsc.ru>’
  
  No Authors@R field in DESCRIPTION.
  Please add one, modifying
    Authors@R: c(person(given = c("Nadezhda", "M."),
                        family = "Belonogova",
                        role = c("aut", "cre"),
                        email = "belon@bionet.nsc.ru"),
                 person(given = c("Gulnara", "R.", "Svishcheva", "with", "contributions", "from:", "Seunggeun"),
                        family = "Lee",
                        role = "aut",
                        email = "gulsvi@bionet.nsc.ru",
                        comment = "kernel functions"),
                 person(given = c("Pierre", "Lafaye"),
                        family = "de Micheaux",
                        role = "aut",
                        comment = "'davies' method"),
                 person(given = "Thomas",
                        family = "Lumley",
                        role = "aut",
                        comment = "'kuonen' method"),
                 person(given = "Minghui",
                        family = "Wang",
                        role = "aut"),
                 person(given = "Yiyuan",
                        family = "Liu",
                        role = "aut"),
                 person(given = "Shizhong",
                        family = "Han",
                        role = "aut",
                        comment = "simpleM function"),
                 person(given = "Yaowu",
                        family = "Liu",
                        role = "aut",
                        comment = "ACAT function"),
                 person(given = c("James", "O."),
                        family = "Ramsay",
                        role = "aut",
                        comment = "functional data analysis functions"),
                 person(given = "Xihao",
                        family = "Li",
                        role = "aut"),
                 person(given = "Zilin",
                        family = "Li",
                        role = "aut"),
                 person(given = "Han",
                        family = "Chen",
                        role = "aut",
                        comment = "conception of the STAAR procedure"))
  as necessary.
Flavors: r-devel-linux-x86_64-debian-clang, r-devel-linux-x86_64-debian-gcc