Last updated on 2025-05-07 03:51:16 CEST.
Flavor | Version | Tinstall | Tcheck | Ttotal | Status | Flags |
---|---|---|---|---|---|---|
r-devel-linux-x86_64-debian-clang | 0.1.0 | 5.77 | 58.14 | 63.91 | NOTE | |
r-devel-linux-x86_64-debian-gcc | 0.1.0 | 4.62 | 43.56 | 48.18 | NOTE | |
r-devel-linux-x86_64-fedora-clang | 0.1.0 | 102.73 | OK | |||
r-devel-linux-x86_64-fedora-gcc | 0.1.0 | 96.38 | OK | |||
r-devel-windows-x86_64 | 0.1.0 | 7.00 | 68.00 | 75.00 | OK | |
r-patched-linux-x86_64 | 0.1.0 | 6.19 | 56.04 | 62.23 | OK | |
r-release-linux-x86_64 | 0.1.0 | 5.30 | 55.57 | 60.87 | OK | |
r-release-macos-arm64 | 0.1.0 | 27.00 | OK | |||
r-release-macos-x86_64 | 0.1.0 | 57.00 | OK | |||
r-release-windows-x86_64 | 0.1.0 | 7.00 | 67.00 | 74.00 | OK | |
r-oldrel-macos-arm64 | 0.1.0 | 30.00 | NOTE | |||
r-oldrel-macos-x86_64 | 0.1.0 | 67.00 | NOTE | |||
r-oldrel-windows-x86_64 | 0.1.0 | 9.00 | 81.00 | 90.00 | NOTE |
Version: 0.1.0
Check: CRAN incoming feasibility
Result: NOTE
Maintainer: ‘Yunro Chung <yunro.chung@asu.edu>’
No Authors@R field in DESCRIPTION.
Please add one, modifying
Authors@R: person(given = "Yunro",
family = "Chung",
role = c("cre", "aut"),
email = "yunro.chung@asu.edu")
as necessary.
Found the following \keyword or \concept entries
which likely give several index terms:
File ‘surrosurvROC-package.Rd’:
\keyword{biomarkers, inverse probability weighing, [TRUNCATED]
File ‘surrosurvROC.Rd’:
\keyword{biomarkers, inverse probability weighing, [TRUNCATED]
Flavors: r-devel-linux-x86_64-debian-clang, r-devel-linux-x86_64-debian-gcc
Version: 0.1.0
Check: LazyData
Result: NOTE
'LazyData' is specified without a 'data' directory
Flavors: r-oldrel-macos-arm64, r-oldrel-macos-x86_64, r-oldrel-windows-x86_64