Last updated on 2025-05-06 03:51:18 CEST.
Flavor | Version | Tinstall | Tcheck | Ttotal | Status | Flags |
---|---|---|---|---|---|---|
r-devel-linux-x86_64-debian-clang | 1.0.0 | 66.82 | 76.34 | 143.16 | OK | |
r-devel-linux-x86_64-debian-gcc | 1.0.0 | 43.69 | 54.07 | 97.76 | OK | |
r-devel-linux-x86_64-fedora-clang | 1.0.0 | 223.98 | OK | |||
r-devel-linux-x86_64-fedora-gcc | 1.0.0 | 256.30 | OK | |||
r-devel-windows-x86_64 | 1.0.0 | 62.00 | 123.00 | 185.00 | OK | |
r-patched-linux-x86_64 | 1.0.0 | 61.22 | 72.23 | 133.45 | OK | |
r-release-linux-x86_64 | 1.0.0 | 58.99 | 72.81 | 131.80 | OK | |
r-release-macos-arm64 | 1.0.0 | 61.00 | OK | |||
r-release-macos-x86_64 | 1.0.0 | 107.00 | OK | |||
r-release-windows-x86_64 | 1.0.0 | 63.00 | 123.00 | 186.00 | OK | |
r-oldrel-macos-arm64 | 1.0.0 | 63.00 | NOTE | |||
r-oldrel-macos-x86_64 | 1.0.0 | 83.00 | NOTE | |||
r-oldrel-windows-x86_64 | 1.0.0 | 75.00 | 155.00 | 230.00 | OK |
Version: 1.0.0
Check: installed package size
Result: NOTE
installed size is 8.0Mb
sub-directories of 1Mb or more:
libs 7.4Mb
Flavors: r-oldrel-macos-arm64, r-oldrel-macos-x86_64