Last updated on 2025-05-07 03:51:16 CEST.
Flavor | Version | Tinstall | Tcheck | Ttotal | Status | Flags |
---|---|---|---|---|---|---|
r-devel-linux-x86_64-debian-clang | 1.0 | 6.63 | 94.96 | 101.59 | NOTE | |
r-devel-linux-x86_64-debian-gcc | 1.0 | 4.15 | 68.39 | 72.54 | NOTE | |
r-devel-linux-x86_64-fedora-clang | 1.0 | 171.94 | OK | |||
r-devel-linux-x86_64-fedora-gcc | 1.0 | 168.79 | OK | |||
r-devel-windows-x86_64 | 1.0 | 8.00 | 108.00 | 116.00 | OK | |
r-patched-linux-x86_64 | 1.0 | 5.73 | 90.39 | 96.12 | OK | |
r-release-linux-x86_64 | 1.0 | 5.33 | 91.53 | 96.86 | OK | |
r-release-macos-arm64 | 1.0 | 58.00 | OK | |||
r-release-macos-x86_64 | 1.0 | 99.00 | OK | |||
r-release-windows-x86_64 | 1.0 | 9.00 | 108.00 | 117.00 | OK | |
r-oldrel-macos-arm64 | 1.0 | 49.00 | OK | |||
r-oldrel-macos-x86_64 | 1.0 | 77.00 | OK | |||
r-oldrel-windows-x86_64 | 1.0 | 10.00 | 128.00 | 138.00 | OK |
Version: 1.0
Check: CRAN incoming feasibility
Result: NOTE
Maintainer: ‘Joao Pinto <joao.pinto@tecnico.ulisboa.pt>’
No Authors@R field in DESCRIPTION.
Please add one, modifying
Authors@R: c(person(given = "Joao",
family = "Pinto",
role = c("aut", "cre"),
email = "joao.pinto@tecnico.ulisboa.pt"),
person(given = "Andre",
family = "Verissimo",
role = "aut",
email = "andre.verissimo@tecnico.ulisboa.pt"),
person(given = "Alexandra",
family = "Carvalho",
role = "aut",
email = "alexandra.carvalho@tecnico.ulisboa.pt"),
person(given = "Susana",
family = "Vinga",
role = "aut",
email = "susanavinga@tecnico.ulisboa.pt"))
as necessary.
Flavors: r-devel-linux-x86_64-debian-clang, r-devel-linux-x86_64-debian-gcc