Last updated on 2025-05-04 03:51:08 CEST.
Flavor | Version | Tinstall | Tcheck | Ttotal | Status | Flags |
---|---|---|---|---|---|---|
r-devel-linux-x86_64-debian-clang | 0.970 | 4.79 | 41.22 | 46.01 | NOTE | |
r-devel-linux-x86_64-debian-gcc | 0.970 | 3.70 | 31.06 | 34.76 | NOTE | |
r-devel-linux-x86_64-fedora-clang | 0.970 | 72.87 | OK | |||
r-devel-linux-x86_64-fedora-gcc | 0.970 | 68.30 | OK | |||
r-devel-windows-x86_64 | 0.970 | 5.00 | 58.00 | 63.00 | OK | |
r-patched-linux-x86_64 | 0.970 | 4.34 | 39.34 | 43.68 | OK | |
r-release-linux-x86_64 | OK | |||||
r-release-macos-arm64 | 0.970 | 25.00 | OK | |||
r-release-macos-x86_64 | 0.970 | 43.00 | OK | |||
r-release-windows-x86_64 | 0.970 | 5.00 | 61.00 | 66.00 | OK | |
r-oldrel-macos-arm64 | 0.970 | 23.00 | OK | |||
r-oldrel-macos-x86_64 | 0.970 | 36.00 | OK | |||
r-oldrel-windows-x86_64 | 0.970 | 5.00 | 56.00 | 61.00 | OK |
Version: 0.970
Check: CRAN incoming feasibility
Result: NOTE
Maintainer: ‘Trevor Hastie <hastie@stanford.edu>’
No Authors@R field in DESCRIPTION.
Please add one, modifying
Authors@R: person(given = "Trevor",
family = "Hastie",
role = c("aut", "cre"),
email = "hastie@stanford.edu")
as necessary.
Flavors: r-devel-linux-x86_64-debian-clang, r-devel-linux-x86_64-debian-gcc