CRAN Package Check Results for Package svplots

Last updated on 2025-05-06 03:51:18 CEST.

Flavor Version Tinstall Tcheck Ttotal Status Flags
r-devel-linux-x86_64-debian-clang 0.1.0 5.12 75.85 80.97 NOTE
r-devel-linux-x86_64-debian-gcc 0.1.0 3.79 53.94 57.73 NOTE
r-devel-linux-x86_64-fedora-clang 0.1.0 121.01 OK
r-devel-linux-x86_64-fedora-gcc 0.1.0 138.42 OK
r-devel-windows-x86_64 0.1.0 7.00 84.00 91.00 OK
r-patched-linux-x86_64 0.1.0 4.83 71.42 76.25 OK
r-release-linux-x86_64 0.1.0 5.35 71.00 76.35 OK
r-release-macos-arm64 0.1.0 41.00 OK
r-release-macos-x86_64 0.1.0 76.00 OK
r-release-windows-x86_64 0.1.0 7.00 84.00 91.00 OK
r-oldrel-macos-arm64 0.1.0 40.00 OK
r-oldrel-macos-x86_64 0.1.0 60.00 OK
r-oldrel-windows-x86_64 0.1.0 9.00 105.00 114.00 OK

Check Details

Version: 0.1.0
Check: CRAN incoming feasibility
Result: NOTE Maintainer: ‘Uditha Amarananda Wijesuriya <u.wijesuriya@usi.edu>’ No Authors@R field in DESCRIPTION. Please add one, modifying Authors@R: person(given = c("Uditha", "Amarananda"), family = "Wijesuriya", role = c("aut", "cre"), email = "u.wijesuriya@usi.edu") as necessary. Flavors: r-devel-linux-x86_64-debian-clang, r-devel-linux-x86_64-debian-gcc