Last updated on 2025-10-31 02:50:45 CET.
| Flavor | Version | Tinstall | Tcheck | Ttotal | Status | Flags | 
|---|---|---|---|---|---|---|
| r-devel-linux-x86_64-debian-clang | 5.17.14.1 | 1.57 | 20.22 | 21.79 | OK | |
| r-devel-linux-x86_64-debian-gcc | 5.17.14.1 | 1.43 | 16.49 | 17.92 | OK | |
| r-devel-linux-x86_64-fedora-clang | 5.17.14.1 | 31.46 | OK | |||
| r-devel-linux-x86_64-fedora-gcc | 5.17.14.1 | 30.09 | OK | |||
| r-devel-windows-x86_64 | 5.17.14.1 | 3.00 | 39.00 | 42.00 | OK | |
| r-patched-linux-x86_64 | 5.17.14.1 | 1.50 | 18.91 | 20.41 | OK | |
| r-release-linux-x86_64 | 5.17.14.1 | 1.67 | 18.73 | 20.40 | OK | |
| r-release-macos-arm64 | 5.17.14.1 | 1.00 | 24.00 | 25.00 | OK | |
| r-release-macos-x86_64 | 5.17.14.1 | 2.00 | 24.00 | 26.00 | OK | |
| r-release-windows-x86_64 | 5.17.14.1 | 4.00 | 42.00 | 46.00 | OK | |
| r-oldrel-macos-arm64 | 5.17.14.1 | 1.00 | 18.00 | 19.00 | NOTE | |
| r-oldrel-macos-x86_64 | 5.17.14.1 | 2.00 | 52.00 | 54.00 | NOTE | |
| r-oldrel-windows-x86_64 | 5.17.14.1 | 6.00 | 47.00 | 53.00 | NOTE | 
Version: 5.17.14.1
Check: installed package size
Result: NOTE
    installed size is  6.2Mb
    sub-directories of 1Mb or more:
      dist3   2.0Mb
      dist4   1.7Mb
      dist5   2.1Mb
Flavors: r-oldrel-macos-arm64, r-oldrel-macos-x86_64, r-oldrel-windows-x86_64