Last updated on 2025-05-06 03:51:18 CEST.
Flavor | Version | Tinstall | Tcheck | Ttotal | Status | Flags |
---|---|---|---|---|---|---|
r-devel-linux-x86_64-debian-clang | 1.2.0 | 2.20 | 78.97 | 81.17 | NOTE | |
r-devel-linux-x86_64-debian-gcc | 1.2.0 | 1.44 | 58.02 | 59.46 | NOTE | |
r-devel-linux-x86_64-fedora-clang | 1.2.0 | 117.98 | OK | |||
r-devel-linux-x86_64-fedora-gcc | 1.2.0 | 128.13 | OK | |||
r-devel-windows-x86_64 | 1.2.0 | 4.00 | 74.00 | 78.00 | OK | |
r-patched-linux-x86_64 | 1.2.0 | 1.83 | 76.23 | 78.06 | OK | |
r-release-linux-x86_64 | 1.2.0 | 1.79 | 76.13 | 77.92 | OK | |
r-release-macos-arm64 | 1.2.0 | 39.00 | OK | |||
r-release-macos-x86_64 | 1.2.0 | 68.00 | OK | |||
r-release-windows-x86_64 | 1.2.0 | 5.00 | 73.00 | 78.00 | OK | |
r-oldrel-macos-arm64 | 1.2.0 | 35.00 | OK | |||
r-oldrel-macos-x86_64 | 1.2.0 | 53.00 | OK | |||
r-oldrel-windows-x86_64 | 1.2.0 | 4.00 | 89.00 | 93.00 | OK |
Version: 1.2.0
Check: CRAN incoming feasibility
Result: NOTE
Maintainer: ‘Jessica Weiss <jessica.weiss@uhnresearch.ca>’
No Authors@R field in DESCRIPTION.
Please add one, modifying
Authors@R: c(person(given = "Jessica",
family = "Weiss",
role = c("aut", "cre"),
email = "jessica.weiss@uhnresearch.ca"),
person(given = "Wei",
family = "Xu",
role = "aut",
email = "Wei.Xu@uhnresearch.ca"))
as necessary.
Flavors: r-devel-linux-x86_64-debian-clang, r-devel-linux-x86_64-debian-gcc