Last updated on 2025-05-06 03:51:18 CEST.
Flavor | Version | Tinstall | Tcheck | Ttotal | Status | Flags |
---|---|---|---|---|---|---|
r-devel-linux-x86_64-debian-clang | 1.2.5 | 3.51 | 30.41 | 33.92 | NOTE | |
r-devel-linux-x86_64-debian-gcc | 1.2.5 | 2.41 | 22.91 | 25.32 | NOTE | |
r-devel-linux-x86_64-fedora-clang | 1.2.5 | 53.35 | OK | |||
r-devel-linux-x86_64-fedora-gcc | 1.2.5 | 51.03 | OK | |||
r-devel-windows-x86_64 | 1.2.5 | 4.00 | 55.00 | 59.00 | NOTE | |
r-patched-linux-x86_64 | 1.2.5 | 3.50 | 29.05 | 32.55 | NOTE | |
r-release-linux-x86_64 | 1.2.5 | 3.42 | 29.49 | 32.91 | NOTE | |
r-release-macos-arm64 | 1.2.5 | 20.00 | OK | |||
r-release-macos-x86_64 | 1.2.5 | 34.00 | OK | |||
r-release-windows-x86_64 | 1.2.5 | 5.00 | 58.00 | 63.00 | NOTE | |
r-oldrel-macos-arm64 | 1.2.5 | 18.00 | OK | |||
r-oldrel-macos-x86_64 | 1.2.5 | 28.00 | OK | |||
r-oldrel-windows-x86_64 | 1.2.5 | 5.00 | 59.00 | 64.00 | OK |
Version: 1.2.5
Check: CRAN incoming feasibility
Result: NOTE
Maintainer: ‘Jesus Maria Rodriguez Rodriguez <jesusmro@gmail.com>’
No Authors@R field in DESCRIPTION.
Please add one, modifying
Authors@R: c(person(given = c("Jesus", "Maria", "Rodríguez"),
family = "Rodríguez",
role = "aut"),
person(given = c("Jesus", "Maria", "Rodriguez"),
family = "Rodriguez",
role = "cre",
email = "jesusmro@gmail.com"))
as necessary.
Flavors: r-devel-linux-x86_64-debian-clang, r-devel-linux-x86_64-debian-gcc
Version: 1.2.5
Check: Rd cross-references
Result: NOTE
Found the following Rd file(s) with Rd \link{} targets missing package
anchors:
bordear.Rd: createStyle
escribirTabla.Rd: createStyle
tablaxlsx.estilos.set.Rd: createStyle
Please provide package anchors for all Rd \link{} targets not in the
package itself and the base packages.
Flavors: r-devel-linux-x86_64-debian-clang, r-devel-linux-x86_64-debian-gcc, r-devel-windows-x86_64, r-patched-linux-x86_64, r-release-linux-x86_64, r-release-windows-x86_64