CRAN Package Check Results for Package tabulator

Last updated on 2025-05-04 03:51:08 CEST.

Flavor Version Tinstall Tcheck Ttotal Status Flags
r-devel-linux-x86_64-debian-clang 1.0.0 4.11 36.21 40.32 OK
r-devel-linux-x86_64-debian-gcc 1.0.0 2.94 25.87 28.81 OK
r-devel-linux-x86_64-fedora-clang 1.0.0 59.25 NOTE
r-devel-linux-x86_64-fedora-gcc 1.0.0 58.54 NOTE
r-devel-windows-x86_64 1.0.0 5.00 51.00 56.00 OK
r-patched-linux-x86_64 1.0.0 4.20 31.55 35.75 OK
r-release-linux-x86_64 OK
r-release-macos-arm64 1.0.0 22.00 OK
r-release-macos-x86_64 1.0.0 39.00 OK
r-release-windows-x86_64 1.0.0 6.00 51.00 57.00 OK
r-oldrel-macos-arm64 1.0.0 23.00 NOTE
r-oldrel-macos-x86_64 1.0.0 32.00 NOTE
r-oldrel-windows-x86_64 1.0.0 7.00 58.00 65.00 NOTE

Check Details

Version: 1.0.0
Check: dependencies in R code
Result: NOTE Namespaces in Imports field not imported from: ‘stringr’ ‘tibble’ All declared Imports should be used. Flavors: r-devel-linux-x86_64-fedora-clang, r-devel-linux-x86_64-fedora-gcc

Version: 1.0.0
Check: LazyData
Result: NOTE 'LazyData' is specified without a 'data' directory Flavors: r-oldrel-macos-arm64, r-oldrel-macos-x86_64, r-oldrel-windows-x86_64