Last updated on 2025-05-07 03:51:16 CEST.
Flavor | Version | Tinstall | Tcheck | Ttotal | Status | Flags |
---|---|---|---|---|---|---|
r-devel-linux-x86_64-debian-clang | 0.2.1 | 3.61 | 65.27 | 68.88 | NOTE | |
r-devel-linux-x86_64-debian-gcc | 0.2.1 | 2.59 | 49.86 | 52.45 | NOTE | |
r-devel-linux-x86_64-fedora-clang | 0.2.1 | 104.99 | OK | |||
r-devel-linux-x86_64-fedora-gcc | 0.2.1 | 122.32 | OK | |||
r-devel-windows-x86_64 | 0.2.1 | 5.00 | 79.00 | 84.00 | NOTE | |
r-patched-linux-x86_64 | 0.2.1 | 4.43 | 61.10 | 65.53 | NOTE | |
r-release-linux-x86_64 | 0.2.1 | 3.29 | 61.78 | 65.07 | NOTE | |
r-release-macos-arm64 | 0.2.1 | 51.00 | OK | |||
r-release-macos-x86_64 | 0.2.1 | 71.00 | OK | |||
r-release-windows-x86_64 | 0.2.1 | 7.00 | 83.00 | 90.00 | NOTE | |
r-oldrel-macos-arm64 | 0.2.1 | 45.00 | OK | |||
r-oldrel-macos-x86_64 | 0.2.1 | 58.00 | OK | |||
r-oldrel-windows-x86_64 | 0.2.1 | 7.00 | 98.00 | 105.00 | OK |
Version: 0.2.1
Check: Rd cross-references
Result: NOTE
Found the following Rd file(s) with Rd \link{} targets missing package
anchors:
xyplot.Arima.Rd: xyplot
Please provide package anchors for all Rd \link{} targets not in the
package itself and the base packages.
Flavors: r-devel-linux-x86_64-debian-clang, r-devel-linux-x86_64-debian-gcc, r-devel-windows-x86_64, r-patched-linux-x86_64, r-release-linux-x86_64, r-release-windows-x86_64