Last updated on 2025-05-07 03:51:16 CEST.
Flavor | Version | Tinstall | Tcheck | Ttotal | Status | Flags |
---|---|---|---|---|---|---|
r-devel-linux-x86_64-debian-clang | 0.2.0 | 9.02 | 73.60 | 82.62 | NOTE | |
r-devel-linux-x86_64-debian-gcc | 0.2.0 | 5.92 | 49.24 | 55.16 | NOTE | |
r-devel-linux-x86_64-fedora-clang | 0.2.0 | 127.22 | NOTE | |||
r-devel-linux-x86_64-fedora-gcc | 0.2.0 | 128.31 | NOTE | |||
r-devel-windows-x86_64 | 0.2.0 | 12.00 | 101.00 | 113.00 | NOTE | |
r-patched-linux-x86_64 | 0.2.0 | 9.44 | 68.59 | 78.03 | NOTE | |
r-release-linux-x86_64 | 0.2.0 | 9.55 | 69.34 | 78.89 | NOTE | |
r-release-macos-arm64 | 0.2.0 | 37.00 | NOTE | |||
r-release-macos-x86_64 | 0.2.0 | 72.00 | NOTE | |||
r-release-windows-x86_64 | 0.2.0 | 11.00 | 101.00 | 112.00 | NOTE | |
r-oldrel-macos-arm64 | 0.2.0 | 37.00 | OK | |||
r-oldrel-macos-x86_64 | 0.2.0 | 87.00 | OK | |||
r-oldrel-windows-x86_64 | 0.2.0 | 15.00 | 120.00 | 135.00 | OK |
Version: 0.2.0
Check: DESCRIPTION meta-information
Result: NOTE
Missing dependency on R >= 4.1.0 because package code uses the pipe
|> or function shorthand \(...) syntax added in R 4.1.0.
File(s) using such syntax:
‘plott.R’ ‘read_cats_csv.R’
Flavors: r-devel-linux-x86_64-debian-clang, r-devel-linux-x86_64-debian-gcc, r-devel-linux-x86_64-fedora-clang, r-devel-linux-x86_64-fedora-gcc, r-devel-windows-x86_64, r-patched-linux-x86_64, r-release-linux-x86_64, r-release-macos-arm64, r-release-macos-x86_64, r-release-windows-x86_64