Last updated on 2025-05-07 03:51:16 CEST.
Flavor | Version | Tinstall | Tcheck | Ttotal | Status | Flags |
---|---|---|---|---|---|---|
r-devel-linux-x86_64-debian-clang | 0.1.2 | 3.62 | 36.02 | 39.64 | OK | |
r-devel-linux-x86_64-debian-gcc | 0.1.2 | 2.89 | 28.49 | 31.38 | OK | |
r-devel-linux-x86_64-fedora-clang | 0.1.2 | 61.20 | OK | |||
r-devel-linux-x86_64-fedora-gcc | 0.1.2 | 75.62 | OK | |||
r-devel-windows-x86_64 | 0.1.2 | 6.00 | 54.00 | 60.00 | OK | |
r-patched-linux-x86_64 | 0.1.2 | 3.65 | 33.61 | 37.26 | OK | |
r-release-linux-x86_64 | 0.1.2 | 3.41 | 33.91 | 37.32 | OK | |
r-release-macos-arm64 | 0.1.2 | 44.00 | OK | |||
r-release-macos-x86_64 | 0.1.2 | 51.00 | OK | |||
r-release-windows-x86_64 | 0.1.2 | 6.00 | 58.00 | 64.00 | OK | |
r-oldrel-macos-arm64 | 0.1.2 | 28.00 | NOTE | |||
r-oldrel-macos-x86_64 | 0.1.2 | 45.00 | NOTE | |||
r-oldrel-windows-x86_64 | 0.1.2 | 7.00 | 66.00 | 73.00 | NOTE |
Version: 0.1.2
Check: LazyData
Result: NOTE
'LazyData' is specified without a 'data' directory
Flavors: r-oldrel-macos-arm64, r-oldrel-macos-x86_64, r-oldrel-windows-x86_64