Last updated on 2025-05-07 03:51:17 CEST.
Flavor | Version | Tinstall | Tcheck | Ttotal | Status | Flags |
---|---|---|---|---|---|---|
r-devel-linux-x86_64-debian-clang | 0.1.0 | 14.18 | 35.25 | 49.43 | NOTE | |
r-devel-linux-x86_64-debian-gcc | 0.1.0 | 12.37 | 27.97 | 40.34 | NOTE | |
r-devel-linux-x86_64-fedora-clang | 0.1.0 | 78.31 | OK | |||
r-devel-linux-x86_64-fedora-gcc | 0.1.0 | 71.85 | OK | |||
r-devel-windows-x86_64 | 0.1.0 | 14.00 | 63.00 | 77.00 | OK | |
r-patched-linux-x86_64 | 0.1.0 | 14.12 | 32.44 | 46.56 | OK | |
r-release-linux-x86_64 | 0.1.0 | 13.39 | 32.84 | 46.23 | OK | |
r-release-macos-arm64 | 0.1.0 | 37.00 | OK | |||
r-release-macos-x86_64 | 0.1.0 | 49.00 | OK | |||
r-release-windows-x86_64 | 0.1.0 | 15.00 | 63.00 | 78.00 | OK | |
r-oldrel-macos-arm64 | 0.1.0 | 30.00 | NOTE | |||
r-oldrel-macos-x86_64 | 0.1.0 | 50.00 | NOTE | |||
r-oldrel-windows-x86_64 | 0.1.0 | 13.00 | 70.00 | 83.00 | NOTE |
Version: 0.1.0
Check: CRAN incoming feasibility
Result: NOTE
Maintainer: ‘Timothy Conwell <timconwell@gmail.com>’
No Authors@R field in DESCRIPTION.
Please add one, modifying
Authors@R: person(given = "Timothy",
family = "Conwell",
role = c("aut", "cre"),
email = "timconwell@gmail.com")
as necessary.
Flavors: r-devel-linux-x86_64-debian-clang, r-devel-linux-x86_64-debian-gcc
Version: 0.1.0
Check: LazyData
Result: NOTE
'LazyData' is specified without a 'data' directory
Flavors: r-oldrel-macos-arm64, r-oldrel-macos-x86_64, r-oldrel-windows-x86_64