Last updated on 2025-05-04 03:51:08 CEST.
Flavor | Version | Tinstall | Tcheck | Ttotal | Status | Flags |
---|---|---|---|---|---|---|
r-devel-linux-x86_64-debian-clang | 2021.6-1 | 2.24 | 25.85 | 28.09 | NOTE | |
r-devel-linux-x86_64-debian-gcc | 2021.6-1 | 1.51 | 21.24 | 22.75 | NOTE | |
r-devel-linux-x86_64-fedora-clang | 2021.6-1 | 47.62 | OK | |||
r-devel-linux-x86_64-fedora-gcc | 2021.6-1 | 56.52 | OK | |||
r-devel-windows-x86_64 | 2021.6-1 | 3.00 | 68.00 | 71.00 | NOTE | |
r-patched-linux-x86_64 | 2021.6-1 | 2.24 | 25.27 | 27.51 | NOTE | |
r-release-linux-x86_64 | NOTE | |||||
r-release-macos-arm64 | 2021.6-1 | 27.00 | OK | |||
r-release-macos-x86_64 | 2021.6-1 | 48.00 | OK | |||
r-release-windows-x86_64 | 2021.6-1 | 3.00 | 57.00 | 60.00 | NOTE | |
r-oldrel-macos-arm64 | 2021.6-1 | 24.00 | OK | |||
r-oldrel-macos-x86_64 | 2021.6-1 | 38.00 | OK | |||
r-oldrel-windows-x86_64 | 2021.6-1 | 3.00 | 59.00 | 62.00 | OK |
Version: 2021.6-1
Check: CRAN incoming feasibility
Result: NOTE
Maintainer: ‘Paul Gilbert <pgilbert.ttv9z@ncf.ca>’
No Authors@R field in DESCRIPTION.
Please add one, modifying
Authors@R: person(given = "Paul",
family = "Gilbert",
role = c("aut", "cre"),
email = "pgilbert.ttv9z@ncf.ca")
as necessary.
Flavors: r-devel-linux-x86_64-debian-clang, r-devel-linux-x86_64-debian-gcc
Version: 2021.6-1
Check: Rd cross-references
Result: NOTE
Found the following Rd file(s) with Rd \link{} targets missing package
anchors:
addDate.Rd: tfExpand
tfplot.Rd: tfprint, tframe, tframed
Please provide package anchors for all Rd \link{} targets not in the
package itself and the base packages.
Flavors: r-devel-linux-x86_64-debian-clang, r-devel-linux-x86_64-debian-gcc, r-devel-windows-x86_64, r-patched-linux-x86_64, r-release-linux-x86_64, r-release-windows-x86_64