CRAN Package Check Results for Package tframe

Last updated on 2025-05-04 03:51:08 CEST.

Flavor Version Tinstall Tcheck Ttotal Status Flags
r-devel-linux-x86_64-debian-clang 2015.12-1.1 2.73 26.61 29.34 NOTE
r-devel-linux-x86_64-debian-gcc 2015.12-1.1 1.74 21.14 22.88 NOTE
r-devel-linux-x86_64-fedora-clang 2015.12-1.1 48.41 OK
r-devel-linux-x86_64-fedora-gcc 2015.12-1.1 58.56 OK
r-devel-windows-x86_64 2015.12-1.1 3.00 60.00 63.00 OK
r-patched-linux-x86_64 2015.12-1.1 2.61 25.39 28.00 OK
r-release-linux-x86_64 OK
r-release-macos-arm64 2015.12-1.1 25.00 OK
r-release-macos-x86_64 2015.12-1.1 41.00 OK
r-release-windows-x86_64 2015.12-1.1 4.00 63.00 67.00 OK
r-oldrel-macos-arm64 2015.12-1.1 23.00 OK
r-oldrel-macos-x86_64 2015.12-1.1 36.00 OK
r-oldrel-windows-x86_64 2015.12-1.1 3.00 57.00 60.00 OK

Check Details

Version: 2015.12-1.1
Check: CRAN incoming feasibility
Result: NOTE Maintainer: ‘Paul Gilbert <pgilbert.ttv9z@ncf.ca>’ No Authors@R field in DESCRIPTION. Please add one, modifying Authors@R: person(given = "Paul", family = "Gilbert", role = c("aut", "cre"), email = "pgilbert.ttv9z@ncf.ca") as necessary. Flavors: r-devel-linux-x86_64-debian-clang, r-devel-linux-x86_64-debian-gcc