CRAN Package Check Results for Package tidyrgee

Last updated on 2025-05-06 03:51:18 CEST.

Flavor Version Tinstall Tcheck Ttotal Status Flags
r-devel-linux-x86_64-debian-clang 0.1.0 10.41 85.98 96.39 NOTE
r-devel-linux-x86_64-debian-gcc 0.1.0 7.23 60.23 67.46 NOTE
r-devel-linux-x86_64-fedora-clang 0.1.0 154.24 NOTE
r-devel-linux-x86_64-fedora-gcc 0.1.0 137.01 NOTE
r-devel-windows-x86_64 0.1.0 12.00 92.00 104.00 NOTE
r-patched-linux-x86_64 0.1.0 9.87 77.89 87.76 NOTE
r-release-linux-x86_64 0.1.0 7.54 77.72 85.26 NOTE
r-release-macos-arm64 0.1.0 41.00 OK
r-release-macos-x86_64 0.1.0 95.00 OK
r-release-windows-x86_64 0.1.0 13.00 91.00 104.00 NOTE
r-oldrel-macos-arm64 0.1.0 43.00 OK
r-oldrel-macos-x86_64 0.1.0 97.00 OK
r-oldrel-windows-x86_64 0.1.0 16.00 112.00 128.00 OK

Check Details

Version: 0.1.0
Check: Rd cross-references
Result: NOTE Found the following Rd file(s) with Rd \link{} targets missing package anchors: group_by.Rd: group_by_drop_default Please provide package anchors for all Rd \link{} targets not in the package itself and the base packages. Flavors: r-devel-linux-x86_64-debian-clang, r-devel-linux-x86_64-debian-gcc, r-devel-windows-x86_64, r-patched-linux-x86_64, r-release-linux-x86_64, r-release-windows-x86_64

Version: 0.1.0
Check: dependencies in R code
Result: NOTE Namespace in Imports field not imported from: ‘reticulate’ All declared Imports should be used. Flavors: r-devel-linux-x86_64-fedora-clang, r-devel-linux-x86_64-fedora-gcc