Last updated on 2025-11-02 02:50:58 CET.
| Flavor | Version | Tinstall | Tcheck | Ttotal | Status | Flags |
|---|---|---|---|---|---|---|
| r-devel-linux-x86_64-debian-clang | 0.2.0 | 4.14 | 43.37 | 47.51 | OK | |
| r-devel-linux-x86_64-debian-gcc | 0.2.0 | 3.76 | 34.52 | 38.28 | OK | |
| r-devel-linux-x86_64-fedora-clang | 0.2.0 | 12.00 | 61.42 | 73.42 | NOTE | |
| r-devel-linux-x86_64-fedora-gcc | 0.2.0 | 13.00 | 76.53 | 89.53 | NOTE | |
| r-devel-windows-x86_64 | 0.2.0 | 7.00 | 60.00 | 67.00 | OK | |
| r-patched-linux-x86_64 | 0.2.0 | 4.93 | 41.83 | 46.76 | OK | |
| r-release-linux-x86_64 | 0.2.0 | 3.95 | 41.10 | 45.05 | OK | |
| r-release-macos-arm64 | 0.2.0 | 3.00 | 43.00 | 46.00 | OK | |
| r-release-macos-x86_64 | 0.2.0 | 4.00 | 62.00 | 66.00 | OK | |
| r-release-windows-x86_64 | 0.2.0 | 8.00 | 60.00 | 68.00 | OK | |
| r-oldrel-macos-arm64 | 0.2.0 | 2.00 | 28.00 | 30.00 | OK | |
| r-oldrel-macos-x86_64 | 0.2.0 | 4.00 | 43.00 | 47.00 | OK | |
| r-oldrel-windows-x86_64 | 0.2.0 | 10.00 | 74.00 | 84.00 | OK |
Version: 0.2.0
Check: dependencies in R code
Result: NOTE
Namespace in Imports field not imported from: ‘sp’
All declared Imports should be used.
Flavors: r-devel-linux-x86_64-fedora-clang, r-devel-linux-x86_64-fedora-gcc