Last updated on 2025-05-07 03:51:17 CEST.
Flavor | Version | Tinstall | Tcheck | Ttotal | Status | Flags |
---|---|---|---|---|---|---|
r-devel-linux-x86_64-debian-clang | 1.0.3 | 7.00 | 38.98 | 45.98 | NOTE | |
r-devel-linux-x86_64-debian-gcc | 1.0.3 | 4.36 | 26.28 | 30.64 | NOTE | |
r-devel-linux-x86_64-fedora-clang | 1.0.3 | 74.14 | OK | |||
r-devel-linux-x86_64-fedora-gcc | 1.0.3 | 68.09 | OK | |||
r-devel-windows-x86_64 | 1.0.3 | 8.00 | 53.00 | 61.00 | OK | |
r-patched-linux-x86_64 | 1.0.3 | 6.03 | 35.66 | 41.69 | OK | |
r-release-linux-x86_64 | 1.0.3 | 7.09 | 35.60 | 42.69 | OK | |
r-release-macos-arm64 | 1.0.3 | 23.00 | OK | |||
r-release-macos-x86_64 | 1.0.3 | 42.00 | OK | |||
r-release-windows-x86_64 | 1.0.3 | 7.00 | 53.00 | 60.00 | OK | |
r-oldrel-macos-arm64 | 1.0.3 | 25.00 | OK | |||
r-oldrel-macos-x86_64 | 1.0.3 | 33.00 | OK | |||
r-oldrel-windows-x86_64 | 1.0.3 | 7.00 | 62.00 | 69.00 | OK |
Version: 1.0.3
Check: CRAN incoming feasibility
Result: NOTE
Maintainer: ‘Peter Reichert <peter.reichert@emeriti.eawag.ch>’
No Authors@R field in DESCRIPTION.
Please add one, modifying
Authors@R: person(given = "Peter",
family = "Reichert",
role = c("aut", "cre"),
email = "peter.reichert@emeriti.eawag.ch")
as necessary.
Flavors: r-devel-linux-x86_64-debian-clang, r-devel-linux-x86_64-debian-gcc