Last updated on 2025-10-31 02:50:46 CET.
| Flavor | Version | Tinstall | Tcheck | Ttotal | Status | Flags | 
|---|---|---|---|---|---|---|
| r-devel-linux-x86_64-debian-clang | 1.0.3 | 268.33 | 174.52 | 442.85 | OK | |
| r-devel-linux-x86_64-debian-gcc | 1.0.3 | 177.76 | 134.90 | 312.66 | OK | |
| r-devel-linux-x86_64-fedora-clang | 1.0.3 | 534.00 | 63.25 | 597.25 | NOTE | |
| r-devel-linux-x86_64-fedora-gcc | 1.0.3 | 600.00 | 204.62 | 804.62 | NOTE | |
| r-devel-windows-x86_64 | 1.0.3 | 235.00 | 211.00 | 446.00 | OK | |
| r-patched-linux-x86_64 | 1.0.3 | 233.32 | 184.48 | 417.80 | OK | |
| r-release-linux-x86_64 | 1.0.3 | 237.56 | 182.84 | 420.40 | OK | |
| r-release-macos-arm64 | 1.0.3 | 174.00 | 67.00 | 241.00 | OK | |
| r-release-macos-x86_64 | 1.0.3 | 259.00 | 121.00 | 380.00 | OK | |
| r-release-windows-x86_64 | 1.0.3 | 232.00 | 206.00 | 438.00 | OK | |
| r-oldrel-macos-arm64 | 1.0.3 | 86.00 | 45.00 | 131.00 | NOTE | |
| r-oldrel-macos-x86_64 | 1.0.3 | 127.00 | 79.00 | 206.00 | NOTE | |
| r-oldrel-windows-x86_64 | 1.0.3 | 338.00 | 265.00 | 603.00 | NOTE | 
Version: 1.0.3
Check: dependencies in R code
Result: NOTE
  Namespace in Imports field not imported from: ‘sp’
    All declared Imports should be used.
Flavors: r-devel-linux-x86_64-fedora-clang, r-devel-linux-x86_64-fedora-gcc
Version: 1.0.3
Check: installed package size
Result: NOTE
    installed size is 95.8Mb
    sub-directories of 1Mb or more:
      doc    1.9Mb
      libs  91.9Mb
Flavors: r-oldrel-macos-arm64, r-oldrel-macos-x86_64, r-oldrel-windows-x86_64
Version: 1.0.3
Check: for GNU extensions in Makefiles
Result: NOTE
  GNU make is a SystemRequirements.
Flavors: r-oldrel-macos-arm64, r-oldrel-macos-x86_64, r-oldrel-windows-x86_64