Last updated on 2025-05-04 03:51:09 CEST.
Flavor | Version | Tinstall | Tcheck | Ttotal | Status | Flags |
---|---|---|---|---|---|---|
r-devel-linux-x86_64-debian-clang | 0.1.0 | 11.10 | 232.55 | 243.65 | NOTE | |
r-devel-linux-x86_64-debian-gcc | 0.1.0 | 8.41 | 215.45 | 223.86 | NOTE | |
r-devel-linux-x86_64-fedora-clang | 0.1.0 | 392.76 | NOTE | |||
r-devel-linux-x86_64-fedora-gcc | 0.1.0 | 346.34 | NOTE | |||
r-devel-windows-x86_64 | 0.1.0 | 12.00 | 187.00 | 199.00 | NOTE | |
r-patched-linux-x86_64 | 0.1.0 | 13.34 | 223.39 | 236.73 | NOTE | |
r-release-linux-x86_64 | NOTE | |||||
r-release-macos-arm64 | 0.1.0 | 103.00 | NOTE | |||
r-release-macos-x86_64 | 0.1.0 | 208.00 | NOTE | |||
r-release-windows-x86_64 | 0.1.0 | 15.00 | 191.00 | 206.00 | NOTE | |
r-oldrel-macos-arm64 | 0.1.0 | 47.00 | NOTE | |||
r-oldrel-macos-x86_64 | 0.1.0 | 65.00 | NOTE | |||
r-oldrel-windows-x86_64 | 0.1.0 | 15.00 | 246.00 | 261.00 | NOTE |
Version: 0.1.0
Check: CRAN incoming feasibility
Result: NOTE
Maintainer: ‘Jan Wijffels <jwijffels@bnosac.be>’
The Description field contains
David M. Blei (2019), available at <arXiv:1907.04907>.
Please refer to arXiv e-prints via their arXiv DOI <doi:10.48550/arXiv.YYMM.NNNNN>.
Flavors: r-devel-linux-x86_64-debian-clang, r-devel-linux-x86_64-debian-gcc
Version: 0.1.0
Check: Rd files
Result: NOTE
checkRd: (-1) ETM.Rd:33: Lost braces in \itemize; \value handles \item{}{} directly
checkRd: (-1) ETM.Rd:34: Lost braces in \itemize; \value handles \item{}{} directly
checkRd: (-1) ETM.Rd:35: Lost braces in \itemize; \value handles \item{}{} directly
checkRd: (-1) ETM.Rd:36: Lost braces in \itemize; \value handles \item{}{} directly
checkRd: (-1) ETM.Rd:37: Lost braces in \itemize; \value handles \item{}{} directly
Flavors: r-devel-linux-x86_64-debian-clang, r-devel-linux-x86_64-debian-gcc, r-devel-linux-x86_64-fedora-clang, r-devel-linux-x86_64-fedora-gcc, r-devel-windows-x86_64, r-patched-linux-x86_64, r-release-linux-x86_64, r-release-macos-arm64, r-release-macos-x86_64, r-release-windows-x86_64, r-oldrel-macos-arm64, r-oldrel-macos-x86_64, r-oldrel-windows-x86_64
Version: 0.1.0
Check: examples
Result: NA
user system elapsed
ETM 107.437 1.8 121.573
OK
Flavor: r-devel-linux-x86_64-debian-clang
Version: 0.1.0
Check: examples
Result: NA
user system elapsed
ETM 119.328 0.769 95.309
OK
Flavor: r-devel-linux-x86_64-debian-gcc