Last updated on 2025-05-06 03:51:19 CEST.
Flavor | Version | Tinstall | Tcheck | Ttotal | Status | Flags |
---|---|---|---|---|---|---|
r-devel-linux-x86_64-debian-clang | 0.1-6 | 21.47 | 37.02 | 58.49 | NOTE | |
r-devel-linux-x86_64-debian-gcc | 0.1-6 | 15.25 | 28.91 | 44.16 | NOTE | |
r-devel-linux-x86_64-fedora-clang | 0.1-6 | 94.31 | NOTE | |||
r-devel-linux-x86_64-fedora-gcc | 0.1-6 | 98.48 | NOTE | |||
r-devel-windows-x86_64 | 0.1-6 | 22.00 | 72.00 | 94.00 | NOTE | |
r-patched-linux-x86_64 | 0.1-6 | 21.65 | 34.50 | 56.15 | NOTE | |
r-release-linux-x86_64 | 0.1-6 | 21.14 | 34.33 | 55.47 | NOTE | |
r-release-macos-arm64 | 0.1-6 | 35.00 | NOTE | |||
r-release-macos-x86_64 | 0.1-6 | 52.00 | NOTE | |||
r-release-windows-x86_64 | 0.1-6 | 23.00 | 77.00 | 100.00 | NOTE | |
r-oldrel-macos-arm64 | 0.1-6 | 34.00 | NOTE | |||
r-oldrel-macos-x86_64 | 0.1-6 | 42.00 | NOTE | |||
r-oldrel-windows-x86_64 | 0.1-6 | 21.00 | 88.00 | 109.00 | NOTE |
Version: 0.1-6
Check: CRAN incoming feasibility
Result: NOTE
Maintainer: ‘Wenjie Wang <wang@wwenjie.org>’
Package CITATION file contains call(s) to old-style personList() or
as.personList(). Please use c() on person objects instead.
Package CITATION file contains call(s) to old-style citEntry(). Please
use bibentry() instead.
Flavors: r-devel-linux-x86_64-debian-clang, r-devel-linux-x86_64-debian-gcc
Version: 0.1-6
Check: C++ specification
Result: NOTE
Specified C++11: please drop specification unless essential
Flavors: r-devel-linux-x86_64-debian-clang, r-devel-linux-x86_64-debian-gcc, r-devel-linux-x86_64-fedora-clang, r-devel-linux-x86_64-fedora-gcc, r-devel-windows-x86_64, r-patched-linux-x86_64, r-release-linux-x86_64, r-release-macos-arm64, r-release-macos-x86_64, r-release-windows-x86_64, r-oldrel-macos-arm64, r-oldrel-macos-x86_64, r-oldrel-windows-x86_64