Last updated on 2025-10-31 02:50:46 CET.
| Flavor | Version | Tinstall | Tcheck | Ttotal | Status | Flags | 
|---|---|---|---|---|---|---|
| r-devel-linux-x86_64-debian-clang | 0.3-3 | 18.02 | 27.99 | 46.01 | NOTE | |
| r-devel-linux-x86_64-debian-gcc | 0.3-3 | 11.47 | 21.86 | 33.33 | NOTE | |
| r-devel-linux-x86_64-fedora-clang | 0.3-3 | 49.00 | 34.56 | 83.56 | OK | |
| r-devel-linux-x86_64-fedora-gcc | 0.3-3 | 40.00 | 31.60 | 71.60 | OK | |
| r-devel-windows-x86_64 | 0.3-3 | 23.00 | 51.00 | 74.00 | OK | |
| r-patched-linux-x86_64 | 0.3-3 | 17.42 | 26.82 | 44.24 | OK | |
| r-release-linux-x86_64 | 0.3-3 | 17.28 | 26.84 | 44.12 | OK | |
| r-release-macos-arm64 | 0.3-3 | 8.00 | 17.00 | 25.00 | OK | |
| r-release-macos-x86_64 | 0.3-3 | 10.00 | 29.00 | 39.00 | OK | |
| r-release-windows-x86_64 | 0.3-3 | 22.00 | 57.00 | 79.00 | OK | |
| r-oldrel-macos-arm64 | 0.3-3 | 7.00 | 18.00 | 25.00 | OK | |
| r-oldrel-macos-x86_64 | 0.3-3 | 7.00 | 24.00 | 31.00 | OK | |
| r-oldrel-windows-x86_64 | 0.3-3 | 23.00 | 53.00 | 76.00 | OK | 
Version: 0.3-3
Check: CRAN incoming feasibility
Result: NOTE
  Maintainer: ‘Jun Yan <jun.yan@uconn.edu>’
  
  No Authors@R field in DESCRIPTION.
  Please add one, modifying
    Authors@R: person(given = "Jun",
                      family = "Yan",
                      role = c("aut", "cre"),
                      email = "jun.yan@uconn.edu")
  as necessary.
  
  Package CITATION file contains call(s) to old-style personList() or
  as.personList().  Please use c() on person objects instead.
  Package CITATION file contains call(s) to old-style citEntry().  Please
  use bibentry() instead.
Flavors: r-devel-linux-x86_64-debian-clang, r-devel-linux-x86_64-debian-gcc