CRAN Package Check Results for Package tracerer

Last updated on 2025-05-06 03:51:19 CEST.

Flavor Version Tinstall Tcheck Ttotal Status Flags
r-devel-linux-x86_64-debian-clang 2.2.3 9.45 37.98 47.43 NOTE
r-devel-linux-x86_64-debian-gcc 2.2.3 5.93 28.63 34.56 NOTE
r-devel-linux-x86_64-fedora-clang 2.2.3 79.08 NOTE
r-devel-linux-x86_64-fedora-gcc 2.2.3 88.31 NOTE
r-devel-windows-x86_64 2.2.3 12.00 82.00 94.00 NOTE
r-patched-linux-x86_64 2.2.3 8.87 35.62 44.49 NOTE
r-release-linux-x86_64 2.2.3 8.26 36.23 44.49 NOTE
r-release-macos-arm64 2.2.3 42.00 NOTE
r-release-macos-x86_64 2.2.3 100.00 NOTE
r-release-windows-x86_64 2.2.3 16.00 88.00 104.00 NOTE
r-oldrel-macos-arm64 2.2.3 32.00 NOTE
r-oldrel-macos-x86_64 2.2.3 57.00 NOTE
r-oldrel-windows-x86_64 2.2.3 12.00 100.00 112.00 NOTE

Check Details

Version: 2.2.3
Check: Rd files
Result: NOTE checkRd: (-1) parse_beast_output_files.Rd:23: Lost braces 23 | item{\code{estimates}: parameter estimates} | ^ checkRd: (-1) parse_beast_output_files.Rd:24-28: Lost braces 24 | item{ | ^ checkRd: (-1) parse_beast_output_files.Rd:29-31: Lost braces 29 | item{\code{operators}: the BEAST2 MCMC operator | ^ checkRd: (-1) parse_beast_posterior.Rd:28: Lost braces 28 | item{\code{estimates}: parameter estimates} | ^ checkRd: (-1) parse_beast_posterior.Rd:29-33: Lost braces 29 | item{ | ^ Flavors: r-devel-linux-x86_64-debian-clang, r-devel-linux-x86_64-debian-gcc, r-devel-linux-x86_64-fedora-clang, r-devel-linux-x86_64-fedora-gcc, r-devel-windows-x86_64, r-patched-linux-x86_64, r-release-linux-x86_64, r-release-macos-arm64, r-release-macos-x86_64, r-release-windows-x86_64, r-oldrel-macos-arm64, r-oldrel-macos-x86_64, r-oldrel-windows-x86_64