Last updated on 2025-05-04 03:51:09 CEST.
Flavor | Version | Tinstall | Tcheck | Ttotal | Status | Flags |
---|---|---|---|---|---|---|
r-devel-linux-x86_64-debian-clang | 0.2.0 | 2.01 | 24.62 | 26.63 | NOTE | |
r-devel-linux-x86_64-debian-gcc | 0.2.0 | 1.26 | 18.89 | 20.15 | NOTE | |
r-devel-linux-x86_64-fedora-clang | 0.2.0 | 38.86 | OK | |||
r-devel-linux-x86_64-fedora-gcc | 0.2.0 | 39.33 | OK | |||
r-devel-windows-x86_64 | 0.2.0 | 4.00 | 44.00 | 48.00 | OK | |
r-patched-linux-x86_64 | 0.2.0 | 2.25 | 21.99 | 24.24 | OK | |
r-release-linux-x86_64 | OK | |||||
r-release-macos-arm64 | 0.2.0 | 18.00 | OK | |||
r-release-macos-x86_64 | 0.2.0 | 27.00 | OK | |||
r-release-windows-x86_64 | 0.2.0 | 4.00 | 46.00 | 50.00 | OK | |
r-oldrel-macos-arm64 | 0.2.0 | 20.00 | NOTE | |||
r-oldrel-macos-x86_64 | 0.2.0 | 23.00 | NOTE | |||
r-oldrel-windows-x86_64 | 0.2.0 | 5.00 | 52.00 | 57.00 | NOTE |
Version: 0.2.0
Check: CRAN incoming feasibility
Result: NOTE
Maintainer: ‘David Hugh-Jones <davidhughjones@gmail.com>’
No Authors@R field in DESCRIPTION.
Please add one, modifying
Authors@R: person(given = "David",
family = "Hugh-Jones",
role = c("aut", "cre"),
email = "davidhughjones@gmail.com")
as necessary.
Package CITATION file contains call(s) to old-style personList() or
as.personList(). Please use c() on person objects instead.
Package CITATION file contains call(s) to old-style citEntry(). Please
use bibentry() instead.
Flavors: r-devel-linux-x86_64-debian-clang, r-devel-linux-x86_64-debian-gcc
Version: 0.2.0
Check: LazyData
Result: NOTE
'LazyData' is specified without a 'data' directory
Flavors: r-oldrel-macos-arm64, r-oldrel-macos-x86_64, r-oldrel-windows-x86_64