Last updated on 2025-05-04 03:51:09 CEST.
Flavor | Version | Tinstall | Tcheck | Ttotal | Status | Flags |
---|---|---|---|---|---|---|
r-devel-linux-x86_64-debian-clang | 1.2.2 | 3.71 | 38.41 | 42.12 | NOTE | |
r-devel-linux-x86_64-debian-gcc | 1.2.2 | 1.94 | 29.04 | 30.98 | NOTE | |
r-devel-linux-x86_64-fedora-clang | 1.2.2 | 66.05 | NOTE | |||
r-devel-linux-x86_64-fedora-gcc | 1.2.2 | 65.91 | NOTE | |||
r-devel-windows-x86_64 | 1.2.2 | 5.00 | 69.00 | 74.00 | NOTE | |
r-patched-linux-x86_64 | 1.2.2 | 4.72 | 36.84 | 41.56 | NOTE | |
r-release-linux-x86_64 | NOTE | |||||
r-release-macos-arm64 | 1.2.2 | 28.00 | NOTE | |||
r-release-macos-x86_64 | 1.2.2 | 42.00 | NOTE | |||
r-release-windows-x86_64 | 1.2.2 | 5.00 | 64.00 | 69.00 | NOTE | |
r-oldrel-macos-arm64 | 1.2.2 | 24.00 | NOTE | |||
r-oldrel-macos-x86_64 | 1.2.2 | 36.00 | NOTE | |||
r-oldrel-windows-x86_64 | 1.2.2 | 6.00 | 77.00 | 83.00 | NOTE |
Version: 1.2.2
Check: CRAN incoming feasibility
Result: NOTE
Maintainer: ‘Anita Lindmark <anita.lindmark@stat.umu.se>’
No Authors@R field in DESCRIPTION.
Please add one, modifying
Authors@R: c(person(given = "Anita",
family = "Lindmark",
role = c("aut", "cre"),
email = "anita.lindmark@stat.umu.se"),
person(given = "Maria",
family = "Karlsson",
role = "aut"),
person(given = c("Department", "of"),
family = "Statistics",
role = "aut"),
person(given = "Umea",
family = "University",
role = "aut"))
as necessary.
Package CITATION file contains call(s) to old-style personList() or
as.personList(). Please use c() on person objects instead.
Package CITATION file contains call(s) to old-style citEntry(). Please
use bibentry() instead.
Flavors: r-devel-linux-x86_64-debian-clang, r-devel-linux-x86_64-debian-gcc
Version: 1.2.2
Check: DESCRIPTION meta-information
Result: NOTE
Malformed Description field: should contain one or more complete sentences.
Flavors: r-devel-linux-x86_64-debian-clang, r-devel-linux-x86_64-debian-gcc, r-devel-linux-x86_64-fedora-clang, r-devel-linux-x86_64-fedora-gcc, r-devel-windows-x86_64, r-patched-linux-x86_64, r-release-linux-x86_64, r-release-macos-arm64, r-release-macos-x86_64, r-release-windows-x86_64, r-oldrel-macos-arm64, r-oldrel-macos-x86_64, r-oldrel-windows-x86_64