CRAN Package Check Results for Package tsdisagg2

Last updated on 2025-07-25 03:51:39 CEST.

Flavor Version Tinstall Tcheck Ttotal Status Flags
r-devel-linux-x86_64-debian-clang 0.1.0 1.79 25.29 27.08 NOTE
r-devel-linux-x86_64-debian-gcc 0.1.0 1.59 20.45 22.04 NOTE
r-devel-linux-x86_64-fedora-clang 0.1.0 47.23 OK
r-devel-linux-x86_64-fedora-gcc 0.1.0 59.14 OK
r-devel-windows-x86_64 0.1.0 3.00 69.00 72.00 OK
r-patched-linux-x86_64 0.1.0 1.88 24.12 26.00 OK
r-release-linux-x86_64 0.1.0 1.77 24.15 25.92 OK
r-release-macos-arm64 0.1.0 27.00 OK
r-release-macos-x86_64 0.1.0 45.00 OK
r-release-windows-x86_64 0.1.0 3.00 62.00 65.00 OK
r-oldrel-macos-arm64 0.1.0 24.00 OK
r-oldrel-macos-x86_64 0.1.0 35.00 OK
r-oldrel-windows-x86_64 0.1.0 3.00 65.00 68.00 OK

Check Details

Version: 0.1.0
Check: CRAN incoming feasibility
Result: NOTE Maintainer: ‘Jorge Vieira <jorgealexandrevieira@gmail.com>’ No Authors@R field in DESCRIPTION. Please add one, modifying Authors@R: person(given = "Jorge", family = "Vieira", role = c("aut", "cre"), email = "jorgealexandrevieira@gmail.com") as necessary. Flavors: r-devel-linux-x86_64-debian-clang, r-devel-linux-x86_64-debian-gcc