Last updated on 2025-05-07 03:51:17 CEST.
Flavor | Version | Tinstall | Tcheck | Ttotal | Status | Flags |
---|---|---|---|---|---|---|
r-devel-linux-x86_64-debian-clang | 1.0.3 | 407.29 | 224.42 | 631.71 | NOTE | |
r-devel-linux-x86_64-debian-gcc | 1.0.3 | 337.22 | 159.41 | 496.63 | NOTE | |
r-devel-linux-x86_64-fedora-clang | 1.0.3 | 941.13 | NOTE | |||
r-devel-linux-x86_64-fedora-gcc | 1.0.3 | 1493.27 | NOTE | |||
r-devel-windows-x86_64 | 1.0.3 | 412.00 | 289.00 | 701.00 | NOTE | |
r-patched-linux-x86_64 | 1.0.3 | 507.89 | 216.88 | 724.77 | NOTE | |
r-release-linux-x86_64 | 1.0.3 | 517.62 | 215.39 | 733.01 | NOTE | |
r-release-macos-arm64 | 1.0.3 | 558.00 | NOTE | |||
r-release-macos-x86_64 | 1.0.3 | 688.00 | NOTE | |||
r-release-windows-x86_64 | 1.0.3 | 439.00 | 295.00 | 734.00 | NOTE | |
r-oldrel-macos-arm64 | 1.0.3 | 306.00 | NOTE | |||
r-oldrel-macos-x86_64 | 1.0.3 | 407.00 | NOTE | |||
r-oldrel-windows-x86_64 | 1.0.3 | 516.00 | 385.00 | 901.00 | NOTE |
Version: 1.0.3
Check: DESCRIPTION meta-information
Result: NOTE
Missing dependency on R >= 4.1.0 because package code uses the pipe
|> or function shorthand \(...) syntax added in R 4.1.0.
File(s) using such syntax:
‘benchmark.R’ ‘print.R’
Flavors: r-devel-linux-x86_64-debian-clang, r-devel-linux-x86_64-debian-gcc, r-devel-linux-x86_64-fedora-clang, r-devel-linux-x86_64-fedora-gcc, r-devel-windows-x86_64, r-patched-linux-x86_64, r-release-linux-x86_64, r-release-macos-arm64, r-release-macos-x86_64, r-release-windows-x86_64
Version: 1.0.3
Check: installed package size
Result: NOTE
installed size is 138.4Mb
sub-directories of 1Mb or more:
libs 137.3Mb
Flavors: r-oldrel-macos-arm64, r-oldrel-macos-x86_64, r-oldrel-windows-x86_64