Last updated on 2025-05-07 03:51:17 CEST.
Flavor | Version | Tinstall | Tcheck | Ttotal | Status | Flags |
---|---|---|---|---|---|---|
r-devel-linux-x86_64-debian-clang | 0.3.6 | 6.62 | 206.35 | 212.97 | OK | |
r-devel-linux-x86_64-debian-gcc | 0.3.6 | 3.96 | 138.53 | 142.49 | OK | |
r-devel-linux-x86_64-fedora-clang | 0.3.6 | 319.16 | OK | |||
r-devel-linux-x86_64-fedora-gcc | 0.3.6 | 328.06 | OK | |||
r-devel-windows-x86_64 | 0.3.6 | 7.00 | 82.00 | 89.00 | OK | --no-vignettes |
r-patched-linux-x86_64 | 0.3.5 | 6.64 | 192.23 | 198.87 | NOTE | |
r-release-linux-x86_64 | 0.3.5 | 5.83 | 192.53 | 198.36 | NOTE | |
r-release-macos-arm64 | 0.3.6 | 83.00 | OK | |||
r-release-macos-x86_64 | 0.3.6 | 177.00 | OK | |||
r-release-windows-x86_64 | 0.3.6 | 8.00 | 85.00 | 93.00 | OK | --no-vignettes |
r-oldrel-macos-arm64 | 0.3.6 | 96.00 | OK | |||
r-oldrel-macos-x86_64 | 0.3.6 | 183.00 | OK | |||
r-oldrel-windows-x86_64 | 0.3.5 | 11.00 | 148.00 | 159.00 | OK | --no-vignettes |
Version: 0.3.5
Check: Rd cross-references
Result: NOTE
Found the following Rd file(s) with Rd \link{} targets missing package
anchors:
density.Rd: networkDynamic
durations.Rd: net.obs.period, as.data.frame.networkDynamic,
get.vertex.activity
incidence.Rd: networkDynamic
plotpath.Rd: plot.network
tDegree.Rd: networkDynamic
tErgmStats.Rd: networkDynamic, network.collapse
tSnaStats.Rd: network.collapse
tiedDuration.Rd: networkDynamic
timeProjectedNetwork.Rd: networkDynamic, network.collapse,
get.networks, network
Please provide package anchors for all Rd \link{} targets not in the
package itself and the base packages.
Flavors: r-patched-linux-x86_64, r-release-linux-x86_64