CRAN Package Check Results for Package tvmediation

Last updated on 2025-05-07 03:51:17 CEST.

Flavor Version Tinstall Tcheck Ttotal Status Flags
r-devel-linux-x86_64-debian-clang 1.1.0 7.67 60.71 68.38 NOTE
r-devel-linux-x86_64-debian-gcc 1.1.0 5.10 45.44 50.54 NOTE
r-devel-linux-x86_64-fedora-clang 1.1.0 101.34 NOTE
r-devel-linux-x86_64-fedora-gcc 1.1.0 117.73 NOTE
r-devel-windows-x86_64 1.1.0 9.00 78.00 87.00 NOTE
r-patched-linux-x86_64 1.1.0 6.64 57.16 63.80 NOTE
r-release-linux-x86_64 1.1.0 7.06 56.54 63.60 NOTE
r-release-macos-arm64 1.1.0 41.00 NOTE
r-release-macos-x86_64 1.1.0 70.00 NOTE
r-release-windows-x86_64 1.1.0 11.00 79.00 90.00 NOTE
r-oldrel-macos-arm64 1.1.0 37.00 NOTE
r-oldrel-macos-x86_64 1.1.0 62.00 NOTE
r-oldrel-windows-x86_64 1.1.0 11.00 94.00 105.00 NOTE

Check Details

Version: 1.1.0
Check: CRAN incoming feasibility
Result: NOTE Maintainer: ‘Donna Coffman <dcoffman@temple.edu>’ Package CITATION file contains call(s) to old-style personList() or as.personList(). Please use c() on person objects instead. Package CITATION file contains call(s) to old-style citEntry(). Please use bibentry() instead. Flavors: r-devel-linux-x86_64-debian-clang, r-devel-linux-x86_64-debian-gcc

Version: 1.1.0
Check: Rd files
Result: NOTE checkRd: (-1) estBootCIs.Rd:27: Lost braces 27 | {boot.se}{bootstrapped standard error for the estimated mediation effect} | ^ checkRd: (-1) estBootCIs.Rd:29: Lost braces; missing escapes or markup? 29 | {CI.upper}{percentile bootstrapped CI upper limit for the estimated mediation effect} | ^ checkRd: (-1) estBootCIs.Rd:29: Lost braces 29 | {CI.upper}{percentile bootstrapped CI upper limit for the estimated mediation effect} | ^ checkRd: (-1) estBootCIs.Rd:31: Lost braces; missing escapes or markup? 31 | {CI.lower}{percentile bootstrapped CI lower limit for the estimated mediation effect} | ^ checkRd: (-1) estBootCIs.Rd:31: Lost braces 31 | {CI.lower}{percentile bootstrapped CI lower limit for the estimated mediation effect} | ^ checkRd: (-1) tvma.Rd:89: Lost braces in \enumerate; meant \describe ? checkRd: (-1) tvma.Rd:90: Lost braces in \enumerate; meant \describe ? checkRd: (-1) tvma.Rd:91: Lost braces in \enumerate; meant \describe ? checkRd: (-1) tvma.Rd:92: Lost braces in \enumerate; meant \describe ? checkRd: (-1) tvma.Rd:93: Lost braces in \enumerate; meant \describe ? checkRd: (-1) tvma.Rd:94: Lost braces in \enumerate; meant \describe ? checkRd: (-1) tvma_3trt.Rd:116: Lost braces in \enumerate; meant \describe ? checkRd: (-1) tvma_3trt.Rd:117: Lost braces in \enumerate; meant \describe ? checkRd: (-1) tvma_3trt.Rd:118: Lost braces in \enumerate; meant \describe ? checkRd: (-1) tvma_3trt.Rd:119: Lost braces in \enumerate; meant \describe ? checkRd: (-1) tvma_3trt.Rd:120: Lost braces in \enumerate; meant \describe ? checkRd: (-1) tvma_3trt.Rd:121: Lost braces in \enumerate; meant \describe ? checkRd: (-1) tvma_3trt.Rd:122: Lost braces in \enumerate; meant \describe ? checkRd: (-1) tvma_3trt.Rd:123: Lost braces in \enumerate; meant \describe ? checkRd: (-1) tvma_3trt.Rd:124: Lost braces in \enumerate; meant \describe ? checkRd: (-1) tvma_3trt.Rd:125: Lost braces in \enumerate; meant \describe ? checkRd: (-1) tvma_3trt.Rd:126: Lost braces in \enumerate; meant \describe ? checkRd: (-1) tvmb.Rd:84: Lost braces in \enumerate; meant \describe ? checkRd: (-1) tvmb.Rd:85: Lost braces in \enumerate; meant \describe ? checkRd: (-1) tvmb.Rd:86: Lost braces in \enumerate; meant \describe ? checkRd: (-1) tvmb.Rd:87: Lost braces in \enumerate; meant \describe ? checkRd: (-1) tvmb.Rd:88: Lost braces in \enumerate; meant \describe ? checkRd: (-1) tvmb.Rd:89: Lost braces in \enumerate; meant \describe ? checkRd: (-1) tvmb.Rd:90: Lost braces in \enumerate; meant \describe ? Flavors: r-devel-linux-x86_64-debian-clang, r-devel-linux-x86_64-debian-gcc, r-devel-linux-x86_64-fedora-clang, r-devel-linux-x86_64-fedora-gcc, r-devel-windows-x86_64, r-patched-linux-x86_64, r-release-linux-x86_64, r-release-macos-arm64, r-release-macos-x86_64, r-release-windows-x86_64, r-oldrel-macos-arm64, r-oldrel-macos-x86_64, r-oldrel-windows-x86_64