Last updated on 2025-05-07 03:51:17 CEST.
Flavor | Version | Tinstall | Tcheck | Ttotal | Status | Flags |
---|---|---|---|---|---|---|
r-devel-linux-x86_64-debian-clang | 1.2 | 9.49 | 122.48 | 131.97 | NOTE | |
r-devel-linux-x86_64-debian-gcc | 1.2 | 7.13 | 95.51 | 102.64 | NOTE | |
r-devel-linux-x86_64-fedora-clang | 1.2 | 221.86 | OK | |||
r-devel-linux-x86_64-fedora-gcc | 1.2 | 213.57 | OK | |||
r-devel-windows-x86_64 | 1.2 | 11.00 | 139.00 | 150.00 | NOTE | |
r-patched-linux-x86_64 | 1.2 | 8.56 | 116.31 | 124.87 | NOTE | |
r-release-linux-x86_64 | 1.2 | 8.40 | 115.01 | 123.41 | NOTE | |
r-release-macos-arm64 | 1.2 | 66.00 | OK | |||
r-release-macos-x86_64 | 1.2 | 123.00 | OK | |||
r-release-windows-x86_64 | 1.2 | 12.00 | 144.00 | 156.00 | NOTE | |
r-oldrel-macos-arm64 | 1.2 | 61.00 | OK | |||
r-oldrel-macos-x86_64 | 1.2 | 97.00 | OK | |||
r-oldrel-windows-x86_64 | 1.2 | 15.00 | 174.00 | 189.00 | OK |
Version: 1.2
Check: Rd cross-references
Result: NOTE
Found the following Rd file(s) with Rd \link{} targets missing package
anchors:
dx.wts.mediation.Rd: ps
wgtmed.Rd: gbm, ps, twang
Please provide package anchors for all Rd \link{} targets not in the
package itself and the base packages.
Flavors: r-devel-linux-x86_64-debian-clang, r-devel-linux-x86_64-debian-gcc, r-devel-windows-x86_64, r-patched-linux-x86_64, r-release-linux-x86_64, r-release-windows-x86_64