Last updated on 2025-05-04 03:51:09 CEST.
Flavor | Version | Tinstall | Tcheck | Ttotal | Status | Flags |
---|---|---|---|---|---|---|
r-devel-linux-x86_64-debian-clang | 1.0 | 17.30 | 84.37 | 101.67 | NOTE | |
r-devel-linux-x86_64-debian-gcc | 1.0 | 14.82 | 61.03 | 75.85 | NOTE | |
r-devel-linux-x86_64-fedora-clang | 1.0 | 157.34 | OK | |||
r-devel-linux-x86_64-fedora-gcc | 1.0 | 157.03 | OK | |||
r-devel-windows-x86_64 | 1.0 | 15.00 | 108.00 | 123.00 | OK | |
r-patched-linux-x86_64 | 1.0 | 17.19 | 81.10 | 98.29 | OK | |
r-release-linux-x86_64 | OK | |||||
r-release-macos-arm64 | 1.0 | 69.00 | OK | |||
r-release-macos-x86_64 | 1.0 | 109.00 | OK | |||
r-release-windows-x86_64 | 1.0 | 16.00 | 92.00 | 108.00 | OK | |
r-oldrel-macos-arm64 | 1.0 | 51.00 | OK | |||
r-oldrel-macos-x86_64 | 1.0 | 79.00 | OK | |||
r-oldrel-windows-x86_64 | 1.0 | 24.00 | 115.00 | 139.00 | OK |
Version: 1.0
Check: CRAN incoming feasibility
Result: NOTE
Maintainer: ‘Michael Swanson <dms866@mail.harvard.edu>’
No Authors@R field in DESCRIPTION.
Please add one, modifying
Authors@R: person(given = "Michael",
family = "Swanson",
role = c("aut", "cre"),
email = "dms866@mail.harvard.edu")
as necessary.
Flavors: r-devel-linux-x86_64-debian-clang, r-devel-linux-x86_64-debian-gcc