Last updated on 2025-10-31 02:50:46 CET.
| Flavor | Version | Tinstall | Tcheck | Ttotal | Status | Flags | 
|---|---|---|---|---|---|---|
| r-devel-linux-x86_64-debian-clang | 0.1.1 | 6.75 | 68.31 | 75.06 | NOTE | |
| r-devel-linux-x86_64-debian-gcc | 0.1.1 | 5.63 | 48.69 | 54.32 | NOTE | |
| r-devel-linux-x86_64-fedora-clang | 0.1.1 | 15.00 | 99.92 | 114.92 | OK | |
| r-devel-linux-x86_64-fedora-gcc | 0.1.1 | 33.00 | 82.21 | 115.21 | OK | |
| r-devel-windows-x86_64 | 0.1.1 | 10.00 | 77.00 | 87.00 | OK | |
| r-patched-linux-x86_64 | 0.1.1 | 8.88 | 66.21 | 75.09 | OK | |
| r-release-linux-x86_64 | 0.1.1 | 7.17 | 65.96 | 73.13 | OK | |
| r-release-macos-arm64 | 0.1.1 | 4.00 | 31.00 | 35.00 | OK | |
| r-release-macos-x86_64 | 0.1.1 | 7.00 | 41.00 | 48.00 | OK | |
| r-release-windows-x86_64 | 0.1.1 | 10.00 | 79.00 | 89.00 | OK | |
| r-oldrel-macos-arm64 | 0.1.1 | 4.00 | 29.00 | 33.00 | NOTE | |
| r-oldrel-macos-x86_64 | 0.1.1 | 6.00 | 47.00 | 53.00 | NOTE | |
| r-oldrel-windows-x86_64 | 0.1.1 | 13.00 | 93.00 | 106.00 | NOTE | 
Version: 0.1.1
Check: CRAN incoming feasibility
Result: NOTE
  Maintainer: ‘Minna Genbaeck <minna.genback@umu.se>’
  
  No Authors@R field in DESCRIPTION.
  Please add one, modifying
    Authors@R: c(person(given = "Minna",
                        family = "Genbaeck,",
                        role = c("aut", "cre")),
                 person(given = "Minna",
                        family = "Genbaeck",
                        role = "cre",
                        email = "minna.genback@umu.se"))
  as necessary.
Flavors: r-devel-linux-x86_64-debian-clang, r-devel-linux-x86_64-debian-gcc
Version: 0.1.1
Check: LazyData
Result: NOTE
    'LazyData' is specified without a 'data' directory
Flavors: r-oldrel-macos-arm64, r-oldrel-macos-x86_64, r-oldrel-windows-x86_64