Last updated on 2025-05-06 03:51:19 CEST.
Flavor | Version | Tinstall | Tcheck | Ttotal | Status | Flags |
---|---|---|---|---|---|---|
r-devel-linux-x86_64-debian-clang | 0.2.2 | 3.97 | 40.39 | 44.36 | OK | |
r-devel-linux-x86_64-debian-gcc | 0.2.2 | 2.86 | 30.85 | 33.71 | OK | |
r-devel-linux-x86_64-fedora-clang | 0.2.2 | 68.67 | OK | |||
r-devel-linux-x86_64-fedora-gcc | 0.2.2 | 80.07 | OK | |||
r-devel-windows-x86_64 | 0.2.2 | 6.00 | 59.00 | 65.00 | OK | |
r-patched-linux-x86_64 | 0.2.2 | 3.56 | 37.10 | 40.66 | OK | |
r-release-linux-x86_64 | 0.2.2 | 3.49 | 37.04 | 40.53 | OK | |
r-release-macos-arm64 | 0.2.2 | 57.00 | OK | |||
r-release-macos-x86_64 | 0.2.2 | 49.00 | OK | |||
r-release-windows-x86_64 | 0.2.2 | 6.00 | 60.00 | 66.00 | OK | |
r-oldrel-macos-arm64 | 0.2.2 | 32.00 | NOTE | |||
r-oldrel-macos-x86_64 | 0.2.2 | 49.00 | NOTE | |||
r-oldrel-windows-x86_64 | 0.2.2 | 7.00 | 71.00 | 78.00 | NOTE |
Version: 0.2.2
Check: LazyData
Result: NOTE
'LazyData' is specified without a 'data' directory
Flavors: r-oldrel-macos-arm64, r-oldrel-macos-x86_64, r-oldrel-windows-x86_64