Last updated on 2025-05-06 03:51:19 CEST.
Flavor | Version | Tinstall | Tcheck | Ttotal | Status | Flags |
---|---|---|---|---|---|---|
r-devel-linux-x86_64-debian-clang | 0.0.6 | 4.60 | 37.06 | 41.66 | OK | |
r-devel-linux-x86_64-debian-gcc | 0.0.6 | 3.21 | 26.84 | 30.05 | OK | |
r-devel-linux-x86_64-fedora-clang | 0.0.6 | 63.36 | NOTE | |||
r-devel-linux-x86_64-fedora-gcc | 0.0.6 | 59.86 | NOTE | |||
r-devel-windows-x86_64 | 0.0.6 | 5.00 | 52.00 | 57.00 | OK | |
r-patched-linux-x86_64 | 0.0.6 | 4.22 | 33.85 | 38.07 | OK | |
r-release-linux-x86_64 | 0.0.6 | 4.11 | 33.85 | 37.96 | OK | |
r-release-macos-arm64 | 0.0.6 | 24.00 | OK | |||
r-release-macos-x86_64 | 0.0.6 | 40.00 | OK | |||
r-release-windows-x86_64 | 0.0.6 | 7.00 | 54.00 | 61.00 | OK | |
r-oldrel-macos-arm64 | 0.0.6 | 23.00 | OK | |||
r-oldrel-macos-x86_64 | 0.0.6 | 33.00 | OK | |||
r-oldrel-windows-x86_64 | 0.0.6 | 8.00 | 63.00 | 71.00 | OK |
Version: 0.0.6
Check: dependencies in R code
Result: NOTE
Namespaces in Imports field not imported from:
‘RCurl’ ‘stringdist’ ‘utils’
All declared Imports should be used.
Flavors: r-devel-linux-x86_64-fedora-clang, r-devel-linux-x86_64-fedora-gcc