Last updated on 2025-05-06 03:51:19 CEST.
Flavor | Version | Tinstall | Tcheck | Ttotal | Status | Flags |
---|---|---|---|---|---|---|
r-devel-linux-x86_64-debian-clang | 0.1.0 | 3.21 | 30.68 | 33.89 | NOTE | |
r-devel-linux-x86_64-debian-gcc | 0.1.0 | 2.05 | 23.96 | 26.01 | NOTE | |
r-devel-linux-x86_64-fedora-clang | 0.1.0 | 51.37 | NOTE | |||
r-devel-linux-x86_64-fedora-gcc | 0.1.0 | 63.27 | NOTE | |||
r-devel-windows-x86_64 | 0.1.0 | 5.00 | 50.00 | 55.00 | OK | |
r-patched-linux-x86_64 | 0.1.0 | 2.70 | 28.41 | 31.11 | OK | |
r-release-linux-x86_64 | 0.1.0 | 3.03 | 28.43 | 31.46 | OK | |
r-release-macos-arm64 | 0.1.0 | 25.00 | OK | |||
r-release-macos-x86_64 | 0.1.0 | 46.00 | OK | |||
r-release-windows-x86_64 | 0.1.0 | 5.00 | 51.00 | 56.00 | OK | |
r-oldrel-macos-arm64 | 0.1.0 | 25.00 | NOTE | |||
r-oldrel-macos-x86_64 | 0.1.0 | 35.00 | NOTE | |||
r-oldrel-windows-x86_64 | 0.1.0 | 6.00 | 62.00 | 68.00 | NOTE |
Version: 0.1.0
Check: CRAN incoming feasibility
Result: NOTE
Maintainer: ‘Christopher Belanger <christopher.a.belanger@gmail.com>’
No Authors@R field in DESCRIPTION.
Please add one, modifying
Authors@R: person(given = "Christopher",
family = "Belanger",
role = c("aut", "cre"),
email = "christopher.a.belanger@gmail.com")
as necessary.
Flavors: r-devel-linux-x86_64-debian-clang, r-devel-linux-x86_64-debian-gcc
Version: 0.1.0
Check: dependencies in R code
Result: NOTE
Namespace in Imports field not imported from: ‘Cairo’
All declared Imports should be used.
Flavors: r-devel-linux-x86_64-fedora-clang, r-devel-linux-x86_64-fedora-gcc
Version: 0.1.0
Check: LazyData
Result: NOTE
'LazyData' is specified without a 'data' directory
Flavors: r-oldrel-macos-arm64, r-oldrel-macos-x86_64, r-oldrel-windows-x86_64