Last updated on 2025-05-04 03:51:09 CEST.
Flavor | Version | Tinstall | Tcheck | Ttotal | Status | Flags |
---|---|---|---|---|---|---|
r-devel-linux-x86_64-debian-clang | 0.1.0 | 13.97 | 110.76 | 124.73 | NOTE | |
r-devel-linux-x86_64-debian-gcc | 0.1.0 | 9.34 | 77.03 | 86.37 | NOTE | |
r-devel-linux-x86_64-fedora-clang | 0.1.0 | 187.27 | OK | |||
r-devel-linux-x86_64-fedora-gcc | 0.1.0 | 188.46 | OK | |||
r-devel-windows-x86_64 | 0.1.0 | 16.00 | 122.00 | 138.00 | OK | |
r-patched-linux-x86_64 | 0.1.0 | 13.80 | 103.30 | 117.10 | OK | |
r-release-linux-x86_64 | OK | |||||
r-release-macos-arm64 | 0.1.0 | 54.00 | OK | |||
r-release-macos-x86_64 | 0.1.0 | 115.00 | OK | |||
r-release-windows-x86_64 | 0.1.0 | 15.00 | 107.00 | 122.00 | OK | |
r-oldrel-macos-arm64 | 0.1.0 | 48.00 | NOTE | |||
r-oldrel-macos-x86_64 | 0.1.0 | 86.00 | NOTE | |||
r-oldrel-windows-x86_64 | 0.1.0 | 19.00 | 138.00 | 157.00 | NOTE |
Version: 0.1.0
Check: CRAN incoming feasibility
Result: NOTE
Maintainer: ‘Sayanti Guha Majumdar <sayanti23gm@gmail.com>’
No Authors@R field in DESCRIPTION.
Please add one, modifying
Authors@R: c(person(given = c("Sayanti", "Guha"),
family = "Majumdar",
role = c("aut", "cre"),
email = "sayanti23gm@gmail.com"),
person(given = "Anil",
family = "Rai",
role = "aut"),
person(given = c("Dwijesh", "Chandra"),
family = "Mishra",
role = "aut"))
as necessary.
Flavors: r-devel-linux-x86_64-debian-clang, r-devel-linux-x86_64-debian-gcc
Version: 0.1.0
Check: LazyData
Result: NOTE
'LazyData' is specified without a 'data' directory
Flavors: r-oldrel-macos-arm64, r-oldrel-macos-x86_64, r-oldrel-windows-x86_64