CRAN Package Check Results for Package varbin

Last updated on 2025-05-04 03:51:09 CEST.

Flavor Version Tinstall Tcheck Ttotal Status Flags
r-devel-linux-x86_64-debian-clang 0.2.1 2.33 19.43 21.76 NOTE
r-devel-linux-x86_64-debian-gcc 0.2.1 1.60 15.35 16.95 NOTE
r-devel-linux-x86_64-fedora-clang 0.2.1 33.99 OK
r-devel-linux-x86_64-fedora-gcc 0.2.1 32.93 OK
r-devel-windows-x86_64 0.2.1 4.00 41.00 45.00 OK
r-patched-linux-x86_64 0.2.1 2.32 18.62 20.94 OK
r-release-linux-x86_64 OK
r-release-macos-arm64 0.2.1 14.00 OK
r-release-macos-x86_64 0.2.1 24.00 OK
r-release-windows-x86_64 0.2.1 5.00 40.00 45.00 OK
r-oldrel-macos-arm64 0.2.1 14.00 NOTE
r-oldrel-macos-x86_64 0.2.1 21.00 NOTE
r-oldrel-windows-x86_64 0.2.1 4.00 38.00 42.00 NOTE

Check Details

Version: 0.2.1
Check: CRAN incoming feasibility
Result: NOTE Maintainer: ‘Daniel Safai <danielsafai@gmail.com>’ No Authors@R field in DESCRIPTION. Please add one, modifying Authors@R: person(given = "Daniel", family = "Safai", role = c("aut", "cre"), email = "danielsafai@gmail.com") as necessary. Flavors: r-devel-linux-x86_64-debian-clang, r-devel-linux-x86_64-debian-gcc

Version: 0.2.1
Check: LazyData
Result: NOTE 'LazyData' is specified without a 'data' directory Flavors: r-oldrel-macos-arm64, r-oldrel-macos-x86_64, r-oldrel-windows-x86_64