CRAN Package Check Results for Package vfinputs

Last updated on 2025-05-07 03:51:18 CEST.

Flavor Version Tinstall Tcheck Ttotal Status Flags
r-devel-linux-x86_64-debian-clang 0.1.0 3.85 35.30 39.15 OK
r-devel-linux-x86_64-debian-gcc 0.1.0 2.63 27.21 29.84 OK
r-devel-linux-x86_64-fedora-clang 0.1.0 58.72 OK
r-devel-linux-x86_64-fedora-gcc 0.1.0 56.81 OK
r-devel-windows-x86_64 0.1.0 5.00 54.00 59.00 OK
r-patched-linux-x86_64 0.1.0 4.18 33.58 37.76 OK
r-release-linux-x86_64 0.1.0 3.20 32.71 35.91 OK
r-release-macos-arm64 0.1.0 35.00 OK
r-release-macos-x86_64 0.1.0 35.00 OK
r-release-windows-x86_64 0.1.0 6.00 54.00 60.00 OK
r-oldrel-macos-arm64 0.1.0 25.00 NOTE
r-oldrel-macos-x86_64 0.1.0 30.00 NOTE
r-oldrel-windows-x86_64 0.1.0 7.00 62.00 69.00 NOTE

Check Details

Version: 0.1.0
Check: LazyData
Result: NOTE 'LazyData' is specified without a 'data' directory Flavors: r-oldrel-macos-arm64, r-oldrel-macos-x86_64, r-oldrel-windows-x86_64