Last updated on 2025-05-07 03:51:18 CEST.
Flavor | Version | Tinstall | Tcheck | Ttotal | Status | Flags |
---|---|---|---|---|---|---|
r-devel-linux-x86_64-debian-clang | 1.3 | 6.56 | 40.49 | 47.05 | NOTE | |
r-devel-linux-x86_64-debian-gcc | 1.3 | 4.56 | 28.25 | 32.81 | NOTE | |
r-devel-linux-x86_64-fedora-clang | 1.3 | 73.26 | OK | |||
r-devel-linux-x86_64-fedora-gcc | 1.3 | 70.06 | OK | |||
r-devel-windows-x86_64 | 1.3 | 7.00 | 63.00 | 70.00 | OK | |
r-patched-linux-x86_64 | 1.3 | 7.61 | 38.08 | 45.69 | OK | |
r-release-linux-x86_64 | 1.3 | 6.68 | 38.52 | 45.20 | OK | |
r-release-macos-arm64 | 1.3 | 23.00 | OK | |||
r-release-macos-x86_64 | 1.3 | 39.00 | OK | |||
r-release-windows-x86_64 | 1.3 | 6.00 | 65.00 | 71.00 | OK | |
r-oldrel-macos-arm64 | 1.3 | 21.00 | OK | |||
r-oldrel-macos-x86_64 | 1.3 | 33.00 | OK | |||
r-oldrel-windows-x86_64 | 1.3 | 6.00 | 60.00 | 66.00 | OK |
Version: 1.3
Check: CRAN incoming feasibility
Result: NOTE
Maintainer: ‘David J. Sharrow <dsharrow@uw.edu>’
No Authors@R field in DESCRIPTION.
Please add one, modifying
Authors@R: c(person(given = "Gregor",
family = "Passolt",
role = "aut"),
person(given = c("James", "J."),
family = "Anderson",
role = "aut"),
person(given = "Ting",
family = "Li",
role = "aut"),
person(given = c("David", "H."),
family = "Salinger",
role = "aut"),
person(given = c("David", "J."),
family = "Sharrow",
role = c("aut", "cre"),
email = "dsharrow@uw.edu"))
as necessary.
Flavors: r-devel-linux-x86_64-debian-clang, r-devel-linux-x86_64-debian-gcc