Last updated on 2025-10-31 02:50:47 CET.
| Flavor | Version | Tinstall | Tcheck | Ttotal | Status | Flags | 
|---|---|---|---|---|---|---|
| r-devel-linux-x86_64-debian-clang | 1.1.2-9 | 417.79 | 49.69 | 467.48 | OK | |
| r-devel-linux-x86_64-debian-gcc | 1.1.2-9 | 365.02 | 66.38 | 431.40 | OK | |
| r-devel-linux-x86_64-fedora-clang | 1.1.2-9 | 840.00 | -58.25 | 781.75 | OK | |
| r-devel-linux-x86_64-fedora-gcc | 1.1.2-9 | 457.00 | 596.74 | 1053.74 | OK | |
| r-devel-windows-x86_64 | 1.1.2-9 | 526.00 | 145.00 | 671.00 | OK | |
| r-patched-linux-x86_64 | 1.1.2-9 | 512.93 | 92.34 | 605.27 | OK | |
| r-release-linux-x86_64 | 1.1.2-9 | 503.46 | 91.38 | 594.84 | OK | |
| r-release-macos-arm64 | 1.1.2-9 | 177.00 | 28.00 | 205.00 | OK | |
| r-release-macos-x86_64 | 1.1.2-9 | 206.00 | 70.00 | 276.00 | OK | |
| r-release-windows-x86_64 | 1.1.2-9 | 543.00 | 145.00 | 688.00 | OK | |
| r-oldrel-macos-arm64 | 1.1.2-9 | 174.00 | 32.00 | 206.00 | NOTE | |
| r-oldrel-macos-x86_64 | 1.1.2-9 | 234.00 | 119.00 | 353.00 | NOTE | |
| r-oldrel-windows-x86_64 | 1.1.2-9 | 620.00 | 172.00 | 792.00 | OK | 
Version: 1.1.2-9
Check: installed package size
Result: NOTE
    installed size is 62.0Mb
    sub-directories of 1Mb or more:
      libs  61.6Mb
Flavors: r-oldrel-macos-arm64, r-oldrel-macos-x86_64